MONTHLY CLIMATOLOGICAL SUMMARY for APR. 2003

NAME: home   CITY: Lake Forest   STATE: CA 
ELEV: 720  LAT: 33 39.550 N  LONG: 117 40.199 W

                   TEMPERATURE (F), RAIN  (in), WIND SPEED (mph)

                                      HEAT  COOL        AVG
    MEAN                              DEG   DEG         WIND                 DOM
DAY TEMP  HIGH   TIME   LOW    TIME   DAYS  DAYS  RAIN  SPEED HIGH   TIME    DIR
------------------------------------------------------------------------------------
 1  60.7  71.7   1:00p  51.4   6:30a   3.5   0.0  0.00   2.4  19.0   1:30p    SE
 2  56.7  66.1   1:00p  49.5  12:00m   7.2   0.0  0.02   2.7  19.0   2:00p     W
 3  53.5  65.9   1:00p  43.8   6:00a  10.1   0.0  0.00   1.3  15.0   1:30p   WSW
 4  53.9  64.8  12:00p  44.7   6:00a  10.2   0.0  0.00   2.3  17.0   1:00p   ESE
 5  53.5  65.3   3:00p  43.1   6:00a  10.8   0.0  0.00   1.8  17.0   2:00p   ESE
 6  56.1  69.8   3:30p  46.1   2:00a   7.0   0.0  0.00   1.6  13.0  12:30p   ESE
 7  61.6  78.9   3:30p  46.0   7:00a   2.5   0.0  0.00   1.6  15.0   4:30p   WNW
 8  68.9  85.0   2:30p  55.4   6:30a   0.0   5.2  0.00   1.5  15.0   1:30p   WNW
 9  66.5  81.2   3:00p  55.0   6:30a   0.0   3.1  0.00   1.4  15.0   3:30p   WNW
10  62.3  77.0   2:30p  52.0   7:00a   0.5   0.0  0.00   1.1  14.0   3:00p    SE
11  60.3  73.0   4:00p  52.1   1:30a   2.5   0.0  0.00   1.8  12.0   2:30p   WNW
12  61.9  73.6   2:30p  55.3   5:30a   0.6   0.0  0.03   1.1  13.0   4:00p   WNW
13  62.8  74.2   2:30p  55.5  12:00m   0.2   0.0  0.05   1.6  20.0   2:30p    SE
14  53.8  62.1  12:30p  46.6  12:00m  10.7   0.0  1.68   2.1  22.0   2:30p   ESE
15  54.8  67.4   4:00p  46.6  12:30a   8.0   0.0  0.11   1.1  14.0   1:00p   ESE
16  54.9  68.1   5:00p  44.3   4:30a   8.8   0.0  0.00   1.8  15.0  12:30p   WNW
17  54.1  66.1   3:30p  44.5   5:00a   9.7   0.0  0.00   1.3  15.0   4:00p     E
18  58.1  70.1   3:00p  49.8  12:00m   5.1   0.0  0.00   1.4  15.0   2:30p   ESE
19  58.4  72.1   4:00p  46.0   6:30a   6.0   0.0  0.00   1.8  12.0  12:30p   WNW
20  62.7  77.3   2:00p  50.8   6:00a   0.9   0.0  0.00   1.7  15.0   3:00p   WNW
21  57.8  67.6   2:00p  52.3   5:00a   5.1   0.0  0.00   2.8  21.0  12:30p    SE
22  55.1  64.3   4:00p  48.7   6:30a   8.5   0.0  0.00   3.0  19.0   1:00p     W
23  58.2  70.8   1:00p  47.0   7:00a   6.1   0.0  0.00   1.4  16.0   1:00p   ESE
24  59.1  70.6   3:00p  51.1   6:30a   4.2   0.0  0.00   1.6  13.0   2:00p   WNW
25  58.6  69.0   2:30p  51.8  12:00m   4.6   0.0  0.00   1.5  14.0   3:00p   WNW
26  59.2  74.0   4:00p  47.8   5:30a   4.1   0.0  0.00   1.4  14.0   5:30p   ESE
27  59.6  73.6   3:30p  49.6   3:00a   3.4   0.0  0.00   1.5  13.0  11:30a    SE
28  59.1  71.3   2:30p  47.7   6:30a   5.5   0.0  0.00   2.2  16.0   4:00p   WNW
29  57.5  69.9   2:00p  45.9   6:00a   7.1   0.0  0.00   1.4  13.0   2:30p     W
30  57.6  70.6   2:30p  46.3   6:30a   6.6   0.0  0.00   1.6  13.0   4:30p   WNW
-------------------------------------------------------------------------------------
    58.6  85.0     8    43.1     5   159.3   8.3  1.89   1.7  22.0    14     WNW

Max >=  90.0:  0
Max <=  32.0:  0
Min <=  32.0:  0
Min <=   0.0:  0
Max Rain: 1.68 ON  4/14/03
Days of Rain: 5 (>.01 in) 2 (>.1 in) 1 (>1 in)
Heat Base:  65.0  Cool Base:  65.0  Method: (High + Low) / 2