MONTHLY CLIMATOLOGICAL SUMMARY for MAY. 2003

NAME: home   CITY: Lake Forest   STATE: CA 
ELEV: 720  LAT: 33 39.550 N  LONG: 117 40.199 W

                   TEMPERATURE (F), RAIN  (in), WIND SPEED (mph)

                                      HEAT  COOL        AVG
    MEAN                              DEG   DEG         WIND                 DOM
DAY TEMP  HIGH   TIME   LOW    TIME   DAYS  DAYS  RAIN  SPEED HIGH   TIME    DIR
------------------------------------------------------------------------------------
 1  59.9  73.1   4:30p  47.2   4:30a   4.9   0.0  0.00   0.8  14.0   1:30p   ESE
 2  59.0  73.2   1:30p  48.8   5:30a   4.0   0.0  0.11   1.3  14.0   3:00p    SE
 3  59.0  70.1   2:00p  51.5   1:30a   4.2   0.0  0.44   2.3  15.0  10:00a   ESE
 4  60.5  71.2   5:30p  52.4  12:00m   3.2   0.0  0.01   1.7  13.0   4:00p   WNW
 5  60.9  72.2   4:30p  51.5   1:00a   3.2   0.0  0.00   1.2  11.0   9:30a   ESE
 6  59.2  71.2   4:00p  53.4   4:00a   2.7   0.0  0.00   2.0  17.0   2:00p    SE
 7  58.2  67.4   1:00p  52.1   4:00a   5.3   0.0  0.11   1.2  12.0  11:30a    SE
 8  57.2  67.3   3:30p  49.0   4:00a   6.8   0.0  0.01   1.5  14.0   9:30a   ESE
 9  58.4  69.1   4:00p  49.6  12:00m   5.7   0.0  0.00   2.3  17.0  12:30p   ESE
10  59.9  75.0   2:30p  45.4   6:00a   4.8   0.0  0.00   1.5  17.0   4:30p   WNW
11  63.7  79.7   4:00p  49.9   6:00a   0.2   0.0  0.00   1.7  13.0   4:30p   WNW
12  64.9  82.4   2:00p  51.5   5:00a   0.0   2.0  0.00   1.3  16.0   5:00p   WNW
13  62.6  72.1   2:30p  57.2   6:00a   0.4   0.0  0.00   1.4  14.0   2:30p   WNW
14  58.9  71.0   3:00p  52.7  12:00m   3.1   0.0  0.01   1.7  15.0   4:00p   WSW
15  61.9  76.1   3:30p  48.2   6:00a   2.9   0.0  0.00   1.5  12.0   1:30p   WNW
16  66.0  82.8   3:00p  52.3   6:00a   0.0   2.6  0.00   1.5  13.0   3:30p   WNW
17  65.5  80.7   1:00p  56.3   6:00a   0.0   3.5  0.00   1.4  14.0   4:30a   WNW
18  65.9  81.0   3:30p  56.4   6:30a   0.0   3.7  0.00   1.1  13.0   1:30p    SE
19  66.9  80.4   3:30p  52.5   6:00a   0.0   1.5  0.00   1.6  12.0   1:30p   WNW
20  70.5  85.7   1:30p  55.0   6:00a   0.0   5.3  0.00   1.5  12.0   2:30p   WNW
21  74.0  89.6   4:00p  56.9   5:00a   0.0   8.3  0.00   1.6  13.0   2:00p   WNW
22  69.6  85.7   3:00p  56.5   6:30a   0.0   6.1  0.00   1.5  11.0   2:00p   WNW
23  65.7  80.2   3:00p  57.3   5:30a   0.0   3.7  0.00   1.6  13.0   4:30p    SE
24  59.3  62.5   3:30p  57.0   6:00a   5.3   0.0  0.00   0.6   8.0  12:00p    SE
25  63.3  76.8   3:00p  56.2   5:30a   0.0   1.5  0.03   1.0  10.0   4:00p   SSE
26  65.6  79.6   2:30p  58.1   6:00a   0.0   3.8  0.00   1.8  16.0   3:30p   WNW
27  69.4  89.1   4:00p  55.5   6:00a   0.0   7.3  0.00   1.4  11.0   3:00p   WNW
28  74.1  89.4   4:30p  57.6   6:00a   0.0   8.5  0.00   1.5  14.0   2:00p   WNW
29  68.2  84.6   3:00p  59.2   5:30a   0.0   6.9  0.00   1.4  14.0   6:00p    SE
30  68.7  83.1   3:30p  60.1   6:30a   0.0   6.6  0.00   1.5  12.0   1:30p   WNW
31  68.2  83.1   3:00p  58.9   7:00a   0.0   6.0  0.00   1.5  13.0   2:00p   WNW
-------------------------------------------------------------------------------------
    64.0  89.6    21    45.4    10    56.5  77.2  0.72   1.5  17.0     6     WNW

Max >=  90.0:  0
Max <=  32.0:  0
Min <=  32.0:  0
Min <=   0.0:  0
Max Rain: 0.44 ON  5/03/03
Days of Rain: 4 (>.01 in) 3 (>.1 in) 0 (>1 in)
Heat Base:  65.0  Cool Base:  65.0  Method: (High + Low) / 2