MONTHLY CLIMATOLOGICAL SUMMARY for JUL. 2003

NAME: home   CITY: Lake Forest   STATE: CA 
ELEV: 720  LAT: 33 39.550 N  LONG: 117 40.199 W

                   TEMPERATURE (F), RAIN  (in), WIND SPEED (mph)

                                      HEAT  COOL        AVG
    MEAN                              DEG   DEG         WIND                 DOM
DAY TEMP  HIGH   TIME   LOW    TIME   DAYS  DAYS  RAIN  SPEED HIGH   TIME    DIR
------------------------------------------------------------------------------------
 1  77.0  95.3   3:00p  59.8   6:00a   0.0  12.6  0.00   1.2  11.0   1:00p   WNW
 2  77.6  94.6   2:00p  61.3   6:30a   0.0  12.9  0.00   0.9  11.0   1:30p   WNW
 3  79.1  94.4   5:00p  62.2   6:30a   0.0  13.3  0.00   1.2  12.0  12:30p   WNW
 4  78.9  97.1   3:00p  61.0   6:00a   0.0  14.0  0.00   0.9  11.0   1:30p   WNW
 5  77.8  92.9   2:00p  61.7   6:00a   0.0  12.3  0.00   1.4  12.0   2:30p   WNW
 6  73.6  86.7   1:30p  63.5   6:30a   0.0  10.1  0.00   1.4  14.0   2:30p    SE
 7  72.4  86.1   3:00p  62.6   4:30a   0.0   9.3  0.00   1.1  15.0   3:30p   SSE
 8  71.8  85.8   3:00p  63.0   6:30a   0.0   9.4  0.00   1.2  14.0   3:30p   WNW
 9  72.1  87.5   3:30p  61.5   5:00a   0.0   9.5  0.00   1.6  12.0   3:30p   WNW
10  74.7  86.7   6:00p  63.5   5:30a   0.0  10.1  0.00   1.8  14.0   2:30p   WNW
11  76.6  94.1   4:00p  63.1   6:30a   0.0  13.6  0.00   1.4  13.0   5:30a    SE
12  75.7  96.4   3:00p  62.2   6:00a   0.0  14.3  0.00   0.8  13.0   1:30p   WNW
13  76.7  90.8   5:00p  63.0   5:30a   0.0  11.9  0.00   1.3  12.0   3:30p   WNW
14  76.6  93.1   2:30p  63.4   6:00a   0.0  13.3  0.00   1.4  14.0   3:30p   WNW
15  75.8  92.5   3:30p  64.2   6:30a   0.0  13.3  0.00   1.4  14.0   5:30p   WNW
16  78.0  92.1   6:30p  65.0   5:30a   0.0  13.5  0.00   1.2  14.0  12:00p   WNW
17  76.3  91.2   3:00p  66.0   6:30a   0.0  13.6  0.00   1.0  15.0   7:00p    SE
18  73.1  81.3   5:00p  67.4  12:00m   0.0   9.4  0.00   0.9  12.0  10:30a   WNW
19  77.3  92.6   3:00p  64.2   6:00a   0.0  13.4  0.00   0.9  13.0   2:30p    NW
20  77.4  92.9   2:30p  64.7   6:30a   0.0  13.8  0.00   1.3  13.0   4:00p   WNW
21  75.3  89.3   2:30p  66.4   6:30a   0.0  12.9  0.00   1.5  12.0  12:00p   WNW
22  70.9  80.4   2:30p  64.4  12:00m   0.0   7.4  0.00   0.5  12.0   3:30p    SE
23  73.1  87.2   2:30p  62.4   5:00a   0.0   9.8  0.00   1.4  13.0   4:00p   WNW
24  73.7  86.7   3:00p  65.8   6:00a   0.0  11.3  0.00   1.2  12.0   2:30p   SSE
25  73.0  85.3   2:30p  65.2   5:30a   0.0  10.3  0.00   1.4  14.0   3:30p   WNW
26  72.6  85.5  12:30p  63.7   6:30a   0.0   9.6  0.00   1.9  13.0   1:00p   WNW
27  72.7  86.1   2:00p  63.2   5:30a   0.0   9.6  0.00   2.1  16.0   2:30p   WNW
28  73.3  88.8   3:30p  63.3   5:30a   0.0  11.1  0.00   1.0  13.0   3:00p   WNW
29  76.1  92.5   2:30p  64.8   3:00a   0.0  13.7  0.01   1.6  14.0   3:30p   WNW
30  74.7  88.7   3:00p  66.3   5:30a   0.0  12.5  0.21   1.4  13.0   3:30p   WNW
31  74.8  85.9   3:30p  65.5   6:00a   0.0  10.7  0.00   1.8  14.0   2:00p   WNW
-------------------------------------------------------------------------------------
    75.1  97.1     4    59.8     1     0.0 362.4  0.22   1.3  16.0    27     WNW

Max >=  90.0: 15
Max <=  32.0:  0
Min <=  32.0:  0
Min <=   0.0:  0
Max Rain: 0.21 ON  7/30/03
Days of Rain: 1 (>.01 in) 1 (>.1 in) 0 (>1 in)
Heat Base:  65.0  Cool Base:  65.0  Method: (High + Low) / 2