MONTHLY CLIMATOLOGICAL SUMMARY for AUG. 2003

NAME: home   CITY: Lake Forest   STATE: CA 
ELEV: 720  LAT: 33 39.550 N  LONG: 117 40.199 W

                   TEMPERATURE (F), RAIN  (in), WIND SPEED (mph)

                                      HEAT  COOL        AVG
    MEAN                              DEG   DEG         WIND                 DOM
DAY TEMP  HIGH   TIME   LOW    TIME   DAYS  DAYS  RAIN  SPEED HIGH   TIME    DIR
------------------------------------------------------------------------------------
 1  73.2  86.7   4:30p  63.1   7:00a   0.0   9.9  0.00   1.8  13.0   2:00p   WNW
 2  73.3  86.4   3:30p  64.1   6:30a   0.0  10.3  0.00   1.8  14.0   4:00p   WNW
 3  72.3  85.7   2:30p  60.9   6:00a   0.0   8.3  0.00   1.8  14.0   1:00p   WNW
 4  73.0  86.0   3:00p  59.6   6:30a   0.0   7.8  0.00   1.6  14.0   3:00p   WNW
 5  72.3  89.0   2:30p  58.5   6:30a   0.0   8.8  0.00   1.6  13.0   3:30p   WNW
 6  72.0  87.5   3:30p  58.5   6:00a   0.0   8.0  0.00   1.4  12.0   2:00p   WNW
 7  74.2  89.5   2:30p  59.9   4:30a   0.0   9.7  0.00   1.4  13.0   2:30p   WNW
 8  76.6  90.4   4:30p  61.5   6:30a   0.0  11.0  0.00   1.6  15.0   4:00p   WNW
 9  79.4  97.0   2:30p  64.4   6:00a   0.0  15.7  0.00   1.3  13.0   3:30p   WNW
10  81.1  96.1   3:30p  66.0   6:30a   0.0  16.0  0.00   1.6  13.0   3:00p   WNW
11  79.6  96.2   3:30p  66.5   6:00a   0.0  16.3  0.00   0.7  10.0   2:00p   WNW
12  79.2  97.0   3:00p  67.1   6:30a   0.0  17.0  0.00   1.0  12.0   2:30p   WNW
13  77.5  92.6   4:00p  63.5   6:30a   0.0  13.0  0.00   1.7  14.0   4:00p   WNW
14  79.5  96.4   3:00p  63.6   7:00a   0.0  15.0  0.00   1.3  13.0   2:30p   WNW
15  79.7 100.5   3:30p  68.0   7:00a   0.0  19.3  0.00   1.0  13.0   6:30p    SE
16  78.9  97.2   2:30p  65.9   6:30a   0.0  16.5  0.00   1.2  13.0   3:30p   WNW
17  77.4  91.8   2:30p  64.3   6:30a   0.0  13.1  0.00   1.6  13.0   1:00p   WNW
18  75.5  93.0   3:30p  64.0   6:30a   0.0  13.5  0.00   1.0  12.0   3:30p    SE
19  74.8  91.0   2:30p  65.2   5:00a   0.0  13.1  0.00   1.0  15.0   5:00p   SSE
20  74.6  91.8   5:00p  64.0   6:30a   0.0  12.9  0.00   1.4  12.0   5:00p   WNW
21  73.2  86.0   2:00p  64.6  12:00m   0.0  10.3  0.00   1.5  14.0   5:00p   WNW
22  69.9  81.4   2:00p  63.2   3:30a   0.0   7.3  0.00   1.7  16.0   2:30p   WNW
23  71.7  85.3   3:00p  59.9   6:00a   0.0   7.6  0.00   1.9  14.0   2:00p   WNW
24  75.1  92.2   3:30p  64.4   6:30a   0.0  13.3  0.00   1.8  13.0   4:00p   WNW
25  74.6  88.5   5:00p  64.4   6:30a   0.0  11.5  0.00   1.4  13.0   2:00p   WNW
26  75.2  89.8   3:00p  65.7   5:30a   0.0  12.8  0.00   1.3  11.0   2:00p   WNW
27  74.7  90.6   4:00p  64.2   6:30a   0.0  12.4  0.00   1.1  13.0   4:30p   WNW
28  74.5  86.2   4:00p  64.9   6:30a   0.0  10.5  0.00   1.4  13.0   1:30p   WNW
29  73.3  90.0   3:00p  62.0   6:00a   0.0  11.0  0.00   1.0  11.0   3:00p   WNW
30  71.5  86.5   3:30p  60.8   6:00a   0.0   8.6  0.02   1.0  11.0   1:30p   WNW
31  73.1  87.8   4:30p  64.1   6:00a   0.0  11.0  0.00   1.0  11.0   1:30p   WNW
-------------------------------------------------------------------------------------
    75.2 100.5    15    58.5     5     0.0 371.4  0.02   1.4  16.0    22     WNW

Max >=  90.0: 16
Max <=  32.0:  0
Min <=  32.0:  0
Min <=   0.0:  0
Max Rain: 0.02 ON  8/30/03
Days of Rain: 1 (>.01 in) 0 (>.1 in) 0 (>1 in)
Heat Base:  65.0  Cool Base:  65.0  Method: (High + Low) / 2