MONTHLY CLIMATOLOGICAL SUMMARY for SEP. 2003

NAME: home   CITY: Lake Forest   STATE: CA 
ELEV: 720  LAT: 33 39.550 N  LONG: 117 40.199 W

                   TEMPERATURE (F), RAIN  (in), WIND SPEED (mph)

                                      HEAT  COOL        AVG
    MEAN                              DEG   DEG         WIND                 DOM
DAY TEMP  HIGH   TIME   LOW    TIME   DAYS  DAYS  RAIN  SPEED HIGH   TIME    DIR
------------------------------------------------------------------------------------
 1  71.1  83.7   2:30p  64.3   6:30a   0.0   9.0  0.00   1.3  13.0   2:00p   WNW
 2  71.4  84.3   2:30p  62.3   6:00a   0.0   8.3  0.00   1.8  16.0   6:00p   WNW
 3  71.8  84.5   4:00p  62.1   6:30a   0.0   8.3  0.00   2.2  14.0   2:00p   WNW
 4  76.1  90.7   4:00p  63.6   6:00a   0.0  12.1  0.00   1.6  14.0   1:00p   WNW
 5  79.7  96.6   2:30p  67.0   6:00a   0.0  16.8  0.00   1.0  12.0   3:00p   WNW
 6  78.4  94.4   2:00p  66.2   6:30a   0.0  15.3  0.00   1.3  13.0   4:00p   WNW
 7  75.3  91.4   3:00p  63.5   6:30a   0.0  12.5  0.00   1.3  13.0   1:30p   WNW
 8  70.9  85.9   1:30p  61.5   7:00a   0.0   8.7  0.00   1.3  17.0   3:00p    SE
 9  68.3  78.8   3:00p  60.8  12:00m   0.0   4.8  0.00   1.8  17.0   3:30p   ESE
10  68.1  81.5   3:00p  57.3   6:30a   0.0   4.4  0.00   1.0  13.0   1:30p   WNW
11  70.2  83.4   3:00p  59.8   7:00a   0.0   6.6  0.00   1.5  15.0   1:30p   WNW
12  70.2  82.6   1:30p  63.0   4:30a   0.0   7.8  0.00   1.2  12.0   4:00p   WNW
13  70.6  85.4   4:00p  62.5   6:30a   0.0   9.0  0.00   0.7  10.0  11:00a   WNW
14  70.2  82.4   2:30p  63.5  12:30a   0.0   8.0  0.00   1.4  12.0   3:00p   WNW
15  69.5  82.0   2:30p  61.3  12:00m   0.0   6.6  0.00   1.8  13.0   3:30p   WNW
16  67.7  80.1   1:30p  60.5   1:00a   0.0   5.3  0.00   1.0  13.0   2:00p   WNW
17  68.1  83.2   3:00p  59.9   7:00a   0.0   6.5  0.00   1.1  11.0   3:00p   ESE
18  69.3  84.0   3:00p  60.4   7:00a   0.0   7.2  0.00   1.0  12.0   2:00p   WNW
19  69.0  83.7   2:00p  58.0   6:30a   0.0   5.8  0.00   0.9  11.0   2:00p   WNW
20  68.2  83.1   2:30p  56.4   7:00a   0.0   4.8  0.00   1.2  11.0   1:30p   WNW
21  70.2  85.4   5:00p  58.4   7:00a   0.0   6.9  0.00   0.9  12.0   2:30p   WNW
22  68.4  85.9   3:00p  57.8   7:00a   0.0   6.9  0.00   1.2  14.0   3:00p   WNW
23  67.4  80.6   1:30p  58.9   7:30a   0.0   4.8  0.00   1.5  14.0   1:30p    SE
24  66.9  77.9   3:30p  61.6   6:30a   0.0   4.8  0.00   1.1  11.0   3:30p    SE
25  68.1  80.1   3:00p  61.9   7:00a   0.0   6.0  0.00   1.7  13.0  12:00p   WNW
26  67.4  80.4   3:00p  60.0   2:30a   0.0   5.2  0.00   0.9  10.0   2:30p   WNW
27  68.5  80.8   2:00p  60.9   5:30a   0.0   5.9  0.00   1.0  11.0   4:00p   WNW
28  68.2  77.0   2:00p  62.2   7:00a   0.0   4.6  0.00   0.8  10.0  12:30p   WNW
29  69.0  80.8   2:30p  62.7   7:00a   0.0   6.8  0.00   1.3  12.0   3:00p   WNW
30  68.9  79.0   1:30p  63.5   7:00a   0.0   6.3  0.00   1.0  13.0   2:00p   WNW
-------------------------------------------------------------------------------------
    70.2  96.6     5    56.4    20     0.0 225.7  0.00   1.3  17.0     8     WNW

Max >=  90.0:  4
Max <=  32.0:  0
Min <=  32.0:  0
Min <=   0.0:  0
Max Rain: 0.00 ON  9/01/03
Days of Rain: 0 (>.01 in) 0 (>.1 in) 0 (>1 in)
Heat Base:  65.0  Cool Base:  65.0  Method: (High + Low) / 2