MONTHLY CLIMATOLOGICAL SUMMARY for JUL. 2004

NAME: home   CITY: Lake Forest   STATE: CA 
ELEV: 720  LAT: 33 39.550 N  LONG: 117 40.199 W

                   TEMPERATURE (F), RAIN  (in), WIND SPEED (mph)

                                      HEAT  COOL        AVG
    MEAN                              DEG   DEG         WIND                 DOM
DAY TEMP  HIGH   TIME   LOW    TIME   DAYS  DAYS  RAIN  SPEED HIGH   TIME    DIR
------------------------------------------------------------------------------------
 1  67.9  80.8   2:30p  56.6   6:30a   0.0   3.7  0.00   1.3  15.0   4:30p   WNW
 2  68.6  81.5   2:30p  55.6   6:00a   0.0   3.5  0.00   1.5  13.0   1:30p   WNW
 3  68.7  80.5   3:30p  61.9  12:30a   0.0   6.2  0.00   1.3  13.0   2:30p   WNW
 4  70.3  83.0   4:00p  61.1   2:30a   0.0   7.0  0.00   1.4  15.0   4:30p   WNW
 5  72.0  84.3   1:00p  64.2   6:30a   0.0   9.3  0.00   1.7  12.0   2:00p   WNW
 6  71.2  83.6   2:00p  63.3  11:30p   0.0   8.4  0.00   1.7  15.0   2:30p   WNW
 7  69.7  83.3   4:00p  62.4   7:30a   0.0   7.9  0.00   1.1  10.0   1:30p   WNW
 8  68.8  82.1   2:00p  61.8  11:30p   0.0   6.9  0.00   1.1  15.0   3:00p   WNW
 9  69.5  82.5   1:30p  61.4   6:00a   0.0   7.0  0.00   2.0  15.0   2:30p   WNW
10  71.0  83.5   5:00p  58.6   6:00a   0.0   6.0  0.00   2.1  14.0  12:30p   WNW
11  73.4  89.8   3:00p  59.2   6:30a   0.0   9.5  0.00   1.4  13.0   3:30p   WNW
12  76.4  90.9   2:00p  61.0   5:30a   0.0  11.0  0.00   1.3  12.0   2:00p   WNW
13  77.2  94.3   3:00p  62.2   6:00a   0.0  13.3  0.00   1.5  14.0   4:00p   WNW
14  77.3  91.4   3:30p  63.2   6:00a   0.0  12.3  0.00   1.5  12.0   3:00p   WNW
15  79.3  94.7   1:00p  68.2   4:30a   0.0  16.4  0.00   1.0  13.0   3:00p     S
16  76.8  90.5  12:30p  65.9   3:00a   0.0  13.2  0.00   1.3  11.0   3:00p   WNW
17  77.8  95.5   2:00p  63.3   6:30a   0.0  14.4  0.00   1.3  15.0   3:00p   WNW
18  78.5  92.8   1:00p  65.0   6:00a   0.0  13.9  0.00   1.3  14.0   2:30p   WNW
19  79.2  94.9   3:00p  65.4   6:00a   0.0  15.2  0.00   1.5  13.0   4:00p   WNW
20  78.9  93.1   2:30p  64.0   6:00a   0.0  13.5  0.00   1.3  13.0   3:30p   WNW
21  76.2  89.9   3:30p  65.0   5:00a   0.0  12.5  0.00   1.4  12.0   1:00p   WNW
22  73.3  87.3   3:00p  64.4   6:00a   0.0  10.9  0.00   1.5  12.0   1:30p   WNW
23  72.3  85.9   2:00p  64.4   5:30a   0.0  10.2  0.00   1.4  13.0   3:30p   WNW
24  73.4  86.4   2:00p  63.1   7:00a   0.0   9.8  0.00   1.6  13.0   3:30p   WNW
25  74.5  88.3   6:00p  62.8   6:30a   0.0  10.6  0.00   2.0  14.0   3:00p   WNW
26  74.5  88.8   1:30p  63.7   6:30a   0.0  11.3  0.00   1.2  13.0   2:00p   WNW
27  73.7  87.6   4:00p  64.2   2:30a   0.0  10.9  0.00   1.2  12.0   2:30p   WNW
28  72.5  86.5   2:30p  62.3  12:00m   0.0   9.4  0.00   1.1  11.0   2:30p   WNW
29  70.7  85.2   3:00p  60.6   5:00a   0.0   7.9  0.00   1.4  13.0   2:00p   WNW
30  69.7  84.0   4:00p  59.9   4:00a   0.0   7.0  0.00   1.0  11.0   1:30p   WNW
31  71.5  85.3   4:30p  62.0   6:30a   0.0   8.7  0.00   1.1  13.0   3:00p   WNW
-------------------------------------------------------------------------------------
    73.4  95.5    17    55.6     2     0.0 307.4  0.00   1.4  15.0     1     WNW

Max >=  90.0:  9
Max <=  32.0:  0
Min <=  32.0:  0
Min <=   0.0:  0
Max Rain: 0.00 ON  7/01/04
Days of Rain: 0 (>.01 in) 0 (>.1 in) 0 (>1 in)
Heat Base:  65.0  Cool Base:  65.0  Method: (High + Low) / 2