MONTHLY CLIMATOLOGICAL SUMMARY for FEB. 2005

NAME: home   CITY: Lake Forest   STATE: CA 
ELEV: 720  LAT: 33 39.550 N  LONG: 117 40.199 W

                   TEMPERATURE (F), RAIN  (in), WIND SPEED (mph)

                                      HEAT  COOL        AVG
    MEAN                              DEG   DEG         WIND                 DOM
DAY TEMP  HIGH   TIME   LOW    TIME   DAYS  DAYS  RAIN  SPEED HIGH   TIME    DIR
------------------------------------------------------------------------------------
 1  62.1  71.5   2:00p  51.2   3:00a   3.6   0.0  0.00   4.8  34.0   6:00a     N
 2  61.4  68.7   3:30p  55.3   1:30a   3.0   0.0  0.00   4.6  27.0  12:00m     N
 3  60.5  70.8   3:00p  53.6   2:30a   2.8   0.0  0.00   2.4  19.0  12:30a   ESE
 4  60.4  73.0   2:30p  50.0   6:30a   3.5   0.0  0.00   1.2  15.0   2:30p   WNW
 5  57.1  68.3   1:30p  50.2   7:00a   5.7   0.0  0.00   0.7   9.0  10:30p     E
 6  52.8  57.6   3:30p  50.1  12:30a  11.2   0.0  0.19   1.5  13.0  10:30a   ESE
 7  54.0  60.8   4:00p  49.2   6:00a  10.0   0.0  0.01   0.8  12.0   5:00p    SE
 8  54.4  64.6   2:00p  46.7   6:30a   9.4   0.0  0.00   1.0  13.0   4:00p   WNW
 9  57.4  70.8   2:30p  45.9   7:00a   6.6   0.0  0.00   0.8  13.0  12:30p     E
10  59.3  68.6   1:00p  51.9   4:30a   4.8   0.0  0.02   1.3  16.0   1:00p     E
11  57.2  62.4   6:00a  53.6  12:00m   7.0   0.0  1.65   2.7  22.0   5:00a   ESE
12  57.3  66.4  12:30p  52.9   4:00a   5.3   0.0  0.61   1.4  13.0   4:30p   ESE
13  57.3  65.0   1:30p  54.4   5:00a   5.3   0.0  0.00   1.4   9.0   4:30p    NW
14  56.2  65.7   1:30p  50.7  12:00m   6.8   0.0  0.00   1.1  13.0   2:00p   WNW
15  54.9  64.0   2:00p  48.3   5:00a   8.9   0.0  0.00   0.4   8.0  11:30a   ESE
16  57.2  67.9   3:00p  46.8   6:00a   7.6   0.0  0.00   1.3  11.0  12:00p   WNW
17  59.9  73.4  11:00a  52.5   1:30a   2.0   0.0  0.19   0.9  18.0   1:30p     E
18  56.9  62.3   3:00p  53.1  12:00m   7.3   0.0  0.83   2.2  20.0   4:00a   ESE
19  55.9  62.2   4:00p  52.7  11:30p   7.5   0.0  1.89   2.8  29.0  12:00p    SE
20  56.4  66.3  12:30p  52.1   6:30a   5.8   0.0  1.04   2.1  18.0  12:00m   ESE
21  55.3  63.3   3:30p  52.7  11:30p   7.0   0.0  1.88   2.4  19.0   7:00a   ESE
22  53.9  61.0   1:00p  50.2   7:00a   9.4   0.0  0.75   2.2  20.0   2:30p   ESE
23  53.7  63.7  12:30p  46.9   7:00a   9.7   0.0  0.63   1.0  13.0  12:30p     E
24  54.5  64.3   2:30p  45.6   5:30a  10.0   0.0  0.01   1.1  12.0   2:00p   WNW
25  55.5  66.4  12:30p  46.7   4:30a   8.4   0.0  0.00   1.1  11.0   2:30p   WNW
26  57.4  65.9   2:00p  51.0  12:00m   6.5   0.0  0.00   1.0  11.0   2:30p   WNW
27  55.3  66.6   1:00p  47.4   6:30a   8.0   0.0  0.00   1.7  14.0   2:00p   WNW
28  55.9  65.3   1:30p  48.6   4:30a   8.0   0.0  0.00   1.6  15.0   1:30p   WNW
-------------------------------------------------------------------------------------
    56.8  73.4    17    45.6    24   191.4   0.0  9.70   1.7  34.0     1     ESE

Max >=  90.0:  0
Max <=  32.0:  0
Min <=  32.0:  0
Min <=   0.0:  0
Max Rain: 1.89 ON  2/19/05
Days of Rain: 11 (>.01 in) 10 (>.1 in) 4 (>1 in)
Heat Base:  65.0  Cool Base:  65.0  Method: (High + Low) / 2