MONTHLY CLIMATOLOGICAL SUMMARY for MAR. 2005

NAME: home   CITY: Lake Forest   STATE: CA 
ELEV: 720  LAT: 33 39.550 N  LONG: 117 40.199 W

                   TEMPERATURE (F), RAIN  (in), WIND SPEED (mph)

                                      HEAT  COOL        AVG
    MEAN                              DEG   DEG         WIND                 DOM
DAY TEMP  HIGH   TIME   LOW    TIME   DAYS  DAYS  RAIN  SPEED HIGH   TIME    DIR
------------------------------------------------------------------------------------
 1  57.2  68.1   2:00p  49.9   7:00a   6.0   0.0  0.00   1.0  13.0   3:30p   WNW
 2  57.3  67.2   2:00p  49.4   7:00a   6.7   0.0  0.02   1.1  11.0   2:00p   WNW
 3  58.7  69.2   3:00p  53.2  12:00m   3.8   0.0  0.10   1.1  13.0   2:30p   ESE
 4  56.3  66.6   3:30p  51.0  11:30p   6.2   0.0  0.13   1.7  16.0   2:30p   ESE
 5  55.8  67.1   2:30p  48.2   6:30a   7.4   0.0  0.00   1.8  15.0   2:30a   WNW
 6  57.1  69.8   2:30p  48.7   6:30a   5.7   0.0  0.00   1.6  12.0  11:30a   WNW
 7  59.3  73.5   2:00p  51.0   2:30a   2.8   0.0  0.00   1.1  13.0   3:00p   WNW
 8  58.0  71.4   3:00p  51.9   4:30a   3.3   0.0  0.01   1.1   9.0   4:00p   WNW
 9  58.7  72.6   3:00p  52.3   4:00a   2.6   0.0  0.00   1.2  12.0   4:30p   WNW
10  60.1  74.3   3:30p  51.4   6:30a   2.1   0.0  0.00   0.9  13.0   2:00p   WNW
11  61.8  77.6   3:00p  54.3   6:30a   0.0   0.9  0.01   0.7   9.0   1:30p   WNW
12  59.2  69.3   2:30p  54.5  12:00m   3.1   0.0  0.01   1.6  11.0   2:00p   WNW
13  56.6  60.1  12:00p  54.0   3:30a   8.0   0.0  0.02   0.2   5.0  12:00p   WNW
14  61.6  71.3   3:30p  51.9   6:30a   3.4   0.0  0.00   4.3  30.0   6:30p     N
15  59.7  73.2   1:30p  47.5   6:00a   4.7   0.0  0.00   2.0  18.0  12:00p   WNW
16  60.1  75.1   3:00p  47.8   5:30a   3.6   0.0  0.00   1.2  12.0   2:30p   WNW
17  59.6  72.5   1:30p  47.8   6:00a   4.9   0.0  0.00   0.9  13.0   2:00p    SE
18  55.8  65.2  12:30p  49.1  12:00m   7.9   0.0  0.06   1.2  15.0  12:00p     E
19  56.6  65.9   3:30p  49.1  12:30a   7.5   0.0  0.12   1.5  13.0   2:30p   ESE
20  58.1  67.0   2:00p  51.2   6:00a   5.9   0.0  0.01   2.4  18.0   1:00p   WNW
21  59.1  71.6   2:30p  50.0   6:30a   4.2   0.0  0.00   1.1  14.0   2:30p   ESE
22  58.3  71.7   1:30p  51.4   4:00a   3.5   0.0  0.10   2.3  19.0   9:00p   ESE
23  55.3  64.1   3:00p  50.3   4:00a   7.8   0.0  0.52   2.6  19.0  12:00p     W
24  53.8  59.7  12:30p  49.6   5:30a  10.4   0.0  0.02   0.5  13.0  12:30p    SE
25  55.4  68.1   1:30p  45.5   6:30a   8.2   0.0  0.00   1.5  15.0   2:30p   WNW
26  58.4  73.9   2:30p  45.3   6:00a   5.4   0.0  0.00   1.4  15.0   1:30p   WNW
27  61.8  75.9   1:30p  51.1   6:00a   1.5   0.0  0.00   1.5  14.0   2:30p   WNW
28  57.7  67.8   2:00p  49.3  12:00m   6.4   0.0  0.00   1.7  16.0   3:30p   ESE
29  57.3  69.2   2:00p  46.4   5:30a   7.2   0.0  0.00   1.4  13.0  11:30a   ESE
30  60.3  74.9   2:00p  50.5   6:30a   2.3   0.0  0.00   1.9  17.0  11:30a   ESE
31  65.6  77.8   3:00p  53.2   3:00a   0.0   0.5  0.00   4.3  29.0  10:30a     N
-------------------------------------------------------------------------------------
    58.4  77.8    31    45.3    26   152.2   1.5  1.13   1.6  30.0    14     WNW

Max >=  90.0:  0
Max <=  32.0:  0
Min <=  32.0:  0
Min <=   0.0:  0
Max Rain: 0.52 ON  3/23/05
Days of Rain: 9 (>.01 in) 3 (>.1 in) 0 (>1 in)
Heat Base:  65.0  Cool Base:  65.0  Method: (High + Low) / 2