MONTHLY CLIMATOLOGICAL SUMMARY for APR. 2005

NAME: home   CITY: Lake Forest   STATE: CA 
ELEV: 720  LAT: 33 39.550 N  LONG: 117 40.199 W

                   TEMPERATURE (F), RAIN  (in), WIND SPEED (mph)

                                      HEAT  COOL        AVG
    MEAN                              DEG   DEG         WIND                 DOM
DAY TEMP  HIGH   TIME   LOW    TIME   DAYS  DAYS  RAIN  SPEED HIGH   TIME    DIR
------------------------------------------------------------------------------------
 1  65.5  83.0   3:00p  50.6   5:30a   0.0   1.8  0.00   1.4  15.0   1:30p   WNW
 2  65.7  80.7   2:30p  53.0   5:30a   0.0   1.8  0.00   1.1  17.0   1:30p     E
 3  58.8  70.9   1:30p  48.3   5:30a   5.4   0.0  0.00   2.0  16.0   1:00p    SE
 4  57.7  68.7   2:30p  50.4  12:00m   5.5   0.0  0.03   1.7  15.0   2:30p   WNW
 5  62.2  81.6   5:00p  46.3   6:30a   1.1   0.0  0.00   1.4  13.0   4:00p   WNW
 6  67.7  89.0   3:30p  55.7   3:00a   0.0   7.4  0.00   0.9  15.0   5:00p     E
 7  58.9  69.8   2:30p  50.8   7:00a   4.7   0.0  0.00   2.1  17.0   2:00p   WNW
 8  57.3  70.9   3:00p  46.2   6:30a   6.4   0.0  0.00   2.5  25.0  12:00m   ESE
 9  56.7  69.0   4:00p  44.7   7:00a   8.1   0.0  0.00   2.3  18.0  12:30a   WNW
10  58.8  71.7   3:00p  46.0   6:30a   6.2   0.0  0.00   1.8  15.0   2:00p   WNW
11  62.3  76.9   3:30p  49.1   5:30a   2.0   0.0  0.00   1.6  13.0   2:00p   WNW
12  62.7  77.9   1:30p  49.7   6:00a   1.2   0.0  0.00   1.6  16.0   2:00p   WNW
13  58.9  71.9   3:30p  47.4   6:30a   5.3   0.0  0.00   1.9  14.0   2:00p   WNW
14  60.4  74.7   3:30p  47.2   7:00a   4.1   0.0  0.00   1.4  13.0   2:30p   WNW
15  62.9  79.1   2:30p  49.4   6:00a   0.8   0.0  0.00   1.1  12.0   2:30p   WNW
16  64.9  81.5   3:00p  51.1   6:00a   0.0   1.3  0.00   1.2  12.0   3:30p   WNW
17  62.4  78.0   2:30p  51.1   5:30a   0.5   0.0  0.00   1.2  13.0   3:00p   SSW
18  58.6  69.8   2:30p  53.7   7:00a   3.2   0.0  0.00   1.6  15.0   2:30p    SE
19  59.2  71.7   3:30p  51.5  12:00m   3.4   0.0  0.01   1.9  14.0  10:00a    SE
20  57.9  71.1   4:00p  45.5   6:30a   6.7   0.0  0.00   2.0  15.0   1:30p   WNW
21  62.1  77.2   3:30p  47.3   6:30a   2.8   0.0  0.00   1.6  14.0   2:00p   WNW
22  60.4  68.9  12:30p  50.5  12:00m   5.3   0.0  0.02   1.3  16.0   6:00p    SE
23  58.2  73.1   2:30p  45.8   6:30a   5.6   0.0  0.00   1.4  16.0   2:30p   WNW
24  59.1  69.0   2:30p  52.2  12:00m   4.4   0.0  0.64   1.4  13.0   3:00p   WNW
25  58.8  72.7   2:00p  48.4   6:30a   4.5   0.0  0.00   0.8  13.0   1:30p     E
26  60.6  72.9   2:30p  49.2   6:00a   3.9   0.0  0.00   1.4  13.0   1:30p   WNW
27  61.5  72.4   2:30p  55.3   5:30a   1.1   0.0  0.02   1.8  17.0   1:00p    SE
28  60.0  69.9   4:00p  53.8   6:00a   3.1   0.0  0.75   2.6  20.0   6:00a   ESE
29  60.1  71.5   5:00p  50.8   6:30a   3.9   0.0  0.00   1.4  13.0  12:00p   WNW
30  61.3  75.3   2:30p  50.3   6:30a   2.2   0.0  0.00   1.9  14.0   3:00p   WNW
-------------------------------------------------------------------------------------
    60.7  89.0     6    44.7     9   101.3  12.3  1.47   1.6  25.0     8     WNW

Max >=  90.0:  0
Max <=  32.0:  0
Min <=  32.0:  0
Min <=   0.0:  0
Max Rain: 0.75 ON  4/28/05
Days of Rain: 5 (>.01 in) 2 (>.1 in) 0 (>1 in)
Heat Base:  65.0  Cool Base:  65.0  Method: (High + Low) / 2