MONTHLY CLIMATOLOGICAL SUMMARY for MAY. 2005

NAME: home   CITY: Lake Forest   STATE: CA 
ELEV: 720  LAT: 33 39.550 N  LONG: 117 40.199 W

                   TEMPERATURE (F), RAIN  (in), WIND SPEED (mph)

                                      HEAT  COOL        AVG
    MEAN                              DEG   DEG         WIND                 DOM
DAY TEMP  HIGH   TIME   LOW    TIME   DAYS  DAYS  RAIN  SPEED HIGH   TIME    DIR
------------------------------------------------------------------------------------
 1  62.5  77.9   3:30p  52.4   2:00a   0.0   0.2  0.00   1.2  14.0   2:30p   WNW
 2  64.0  78.2   3:30p  52.6   6:00a   0.0   0.4  0.00   1.3  14.0   3:30p    SE
 3  63.5  77.4   3:30p  52.1   6:00a   0.3   0.0  0.00   1.4  12.0   1:00p   WNW
 4  63.3  77.7   3:30p  56.4   5:30a   0.0   2.0  0.00   1.4  14.0   2:30p    SE
 5  63.0  74.4   4:00p  57.0   5:00a   0.0   0.7  0.05   2.6  20.0   4:30p    SE
 6  61.2  71.5   3:30p  54.3   4:30a   2.1   0.0  0.53   2.0  17.0   1:00p   WNW
 7  62.6  74.2   3:00p  50.5   6:30a   2.7   0.0  0.00   1.0  13.0  12:30p    SE
 8  62.3  75.7   5:00p  50.6   6:30a   1.9   0.0  0.00   1.4  13.0   3:00p   WNW
 9  62.9  74.6  12:00p  55.0  12:00m   0.2   0.0  0.00   1.3  14.0   4:00p   WSW
10  60.5  72.5   3:00p  49.9   6:00a   3.8   0.0  0.00   1.8  18.0   2:30p   WNW
11  62.3  76.1   2:00p  47.8   6:00a   3.1   0.0  0.00   1.5  14.0   4:30p   WNW
12  67.8  83.6   3:30p  51.8   5:30a   0.0   2.7  0.00   1.7  13.0   1:30p   WNW
13  70.5  85.1   1:30p  55.1   6:00a   0.0   5.1  0.00   1.8  14.0   1:30p   WNW
14  71.4  86.6   2:00p  55.5   6:00a   0.0   6.0  0.00   1.5  15.0   3:00p   WNW
15  70.4  85.8   2:00p  56.6   6:00a   0.0   6.2  0.00   1.5  13.0   2:30p   WNW
16  64.8  75.7   1:30p  58.8   3:00a   0.0   2.2  0.00   1.5  15.0  12:30p    SE
17  65.9  78.9   5:00p  55.6   6:30a   0.0   2.3  0.00   1.2  13.0  12:30p    SE
18  66.1  80.9   3:30p  54.4   6:00a   0.0   2.7  0.00   1.7  13.0   2:30p   WNW
19  70.6  83.8   1:00p  55.6   5:30a   0.0   4.7  0.00   2.2  14.0   1:30p   WNW
20  74.1  88.2   2:30p  59.4   6:00a   0.0   8.8  0.00   1.7  12.0   2:00p   WNW
21  75.5  92.0   4:30p  58.0   6:00a   0.0  10.0  0.00   1.0  10.0   1:00p   WNW
22  73.9  91.1   3:30p  58.9   6:00a   0.0  10.0  0.00   1.5  12.0   1:00p   WNW
23  70.4  85.3   3:00p  61.2   5:00a   0.0   8.3  0.00   1.1  12.0   3:00p   WNW
24  69.3  82.3   3:30p  60.0   7:00a   0.0   6.2  0.00   1.2  15.0   2:30p   SSW
25  68.2  82.4   2:00p  59.0   6:30a   0.0   5.7  0.00   2.1  13.0   2:00p   WNW
26  67.2  81.5   2:30p  58.8   4:30a   0.0   5.1  0.00   1.5  11.0   1:30p   WNW
27  68.4  81.2   4:30p  58.8   6:00a   0.0   5.0  0.00   1.4  13.0   2:30p    SE
28  65.9  77.7   3:30p  59.5   3:00a   0.0   3.6  0.00   1.0  12.0   3:30p    SE
29  65.5  75.9   4:00p  59.7   7:00a   0.0   2.8  0.02   1.4  14.0   4:30p   WNW
30  67.7  81.0   4:30p  54.9   6:00a   0.0   3.0  0.00   1.3  13.0   4:30p     E
31  68.0  81.9   3:00p  58.2   4:30a   0.0   5.1  0.00   1.2  12.0   3:00p   ESE
-------------------------------------------------------------------------------------
    66.8  92.0    21    47.8    11    13.9 108.7  0.60   1.5  20.0     5     WNW

Max >=  90.0:  2
Max <=  32.0:  0
Min <=  32.0:  0
Min <=   0.0:  0
Max Rain: 0.53 ON  5/06/05
Days of Rain: 3 (>.01 in) 1 (>.1 in) 0 (>1 in)
Heat Base:  65.0  Cool Base:  65.0  Method: (High + Low) / 2