MONTHLY CLIMATOLOGICAL SUMMARY for AUG. 2005

NAME: home   CITY: Lake Forest   STATE: CA 
ELEV: 720  LAT: 33 39.550 N  LONG: 117 40.199 W

                   TEMPERATURE (F), RAIN  (in), WIND SPEED (mph)

                                      HEAT  COOL        AVG
    MEAN                              DEG   DEG         WIND                 DOM
DAY TEMP  HIGH   TIME   LOW    TIME   DAYS  DAYS  RAIN  SPEED HIGH   TIME    DIR
------------------------------------------------------------------------------------
 1  73.4  85.2   3:00p  63.6   4:30a   0.0   9.4  0.00   1.9  14.0   3:30p   WNW
 2  72.3  85.3   4:00p  62.9   3:30a   0.0   9.1  0.00   1.5  13.0   3:00p   WNW
 3  74.0  86.7   3:00p  64.4   6:30a   0.0  10.5  0.00   1.5  11.0   1:00p   WNW
 4  73.5  89.1   2:30p  61.5   6:30a   0.0  10.3  0.00   1.2  11.0   3:00p    NW
 5  75.0  88.8   3:30p  63.0   6:30a   0.0  10.9  0.00   1.0  12.0   2:30p   WNW
 6  75.6  91.1   3:00p  64.5   6:00a   0.0  12.8  0.00   1.5  14.0   5:00p   WNW
 7  74.3  87.4   2:30p  64.6   6:30a   0.0  11.0  0.00   1.8  12.0   1:00p   WNW
 8  74.1  89.1   4:00p  63.2   6:00a   0.0  11.1  0.00   1.4  11.0  11:30a   WNW
 9  75.4  90.4   3:00p  63.5   6:30a   0.0  12.0  0.00   1.1  12.0   1:30p   WNW
10  74.6  89.7   3:30p  65.3   4:00a   0.0  12.5  0.00   0.8  12.0   3:00p    SE
11  73.6  86.2   3:00p  64.3   7:00a   0.0  10.3  0.00   1.3  13.0   1:30p   WNW
12  71.8  85.0   3:00p  65.2   4:30a   0.0  10.1  0.00   1.1  11.0   1:30p    SE
13  70.1  81.7   4:00p  63.8   4:00a   0.0   7.7  0.00   1.1  12.0   2:00p   WNW
14  68.1  79.4   3:30p  63.3   6:00a   0.0   6.4  0.00   0.6  11.0   3:30p   WNW
15  67.7  76.4   4:30p  64.3   7:00a   0.0   5.4  0.00   1.0   9.0   5:30p   WNW
16  69.6  82.4   3:30p  62.2  12:00m   0.0   7.3  0.00   1.8  12.0   2:30p   WNW
17  68.4  82.1   4:00p  58.2   6:30a   0.0   5.1  0.00   1.6  12.0   3:00p   WNW
18  68.8  83.4   3:00p  58.9   3:00a   0.0   6.2  0.00   1.1  13.0   4:00p   WNW
19  67.7  80.4   3:30p  57.2   6:30a   0.0   3.8  0.00   1.8  14.0   1:00p   WNW
20  69.4  82.8   2:00p  58.2   6:30a   0.0   5.5  0.00   1.8  12.0   2:00p   WNW
21  70.0  85.2   4:30p  60.8   6:30a   0.0   8.0  0.00   1.8  12.0   2:00p   WNW
22  70.0  87.3   2:00p  57.0   7:00a   0.0   7.2  0.00   1.1  13.0   2:00p   WNW
23  70.4  87.0   3:00p  62.6   6:00a   0.0   9.8  0.00   0.8  12.0   3:30p    SE
24  72.1  90.2   3:30p  60.4   5:00a   0.0  10.3  0.00   1.2  10.0   1:00p   WNW
25  78.1  94.0   2:00p  63.7   4:00a   0.0  13.9  0.00   1.8  14.0   3:00p   WNW
26  79.6  94.4   2:00p  67.1   7:00a   0.0  15.8  0.00   1.2  12.0   3:00p   WNW
27  80.0  94.2   2:30p  67.5   7:00a   0.0  15.8  0.00   1.6  13.0   2:30p   WNW
28  78.5  95.2   2:30p  65.1   7:00a   0.0  15.1  0.00   1.1  11.0   2:00p   WNW
29  75.7  91.2   1:30p  63.6   7:00a   0.0  12.4  0.00   1.1  12.0   3:30p   WNW
30  73.6  90.7   3:00p  62.6   7:00a   0.0  11.6  0.00   1.3  12.0   2:30p    SE
31  69.3  85.4   2:30p  59.4   7:30a   0.0   7.4  0.00   1.0  12.0   5:30p    SE
-------------------------------------------------------------------------------------
    72.7  95.2    28    57.0    22     0.0 304.7  0.00   1.3  14.0     1     WNW

Max >=  90.0:  9
Max <=  32.0:  0
Min <=  32.0:  0
Min <=   0.0:  0
Max Rain: 0.00 ON  8/01/05
Days of Rain: 0 (>.01 in) 0 (>.1 in) 0 (>1 in)
Heat Base:  65.0  Cool Base:  65.0  Method: (High + Low) / 2