MONTHLY
CLIMATOLOGICAL SUMMARY for NOV. 2005
NAME: home CITY: Lake Forest STATE: CA
ELEV: 720 LAT: 33 39.550 N LONG: 117 40.199 W
TEMPERATURE (°F), RAIN
(in), WIND SPEED (mph)
HEAT COOL AVG
MEAN
DEG DEG
WIND
DOM
DAY TEMP HIGH TIME LOW TIME DAYS DAYS RAIN SPEED HIGH TIME DIR
------------------------------------------------------------------------------------
1
70.4 83.9 2:00p 61.4 12:00m 0.0 7.7 0.00 0.8 10.0 11:00a E
2
63.7 76.7 1:30p 56.2 7:00a 0.0 1.4 0.00 0.8 12.0 1:30p E
3
60.8 69.4 2:00p 55.5 12:00m 2.5 0.0 0.00 0.9 13.0 8:30a SE
4
58.5 68.2 12:30p 51.8 12:00m 5.0 0.0 0.00 1.0 12.0 2:30p WNW
5
57.7 68.6 1:30p 49.8 6:00a 5.8 0.0 0.00 0.7 10.0 12:30p WNW
6
60.1 72.2 1:30p 52.9 2:00a 2.5 0.0 0.00 0.7
12.0 4:30p WNW
7
60.3 72.4 2:00p 53.9 2:30a 1.8 0.0 0.00 0.5 9.0 1:00p ESE
8
59.3 67.7 12:30p 52.2 6:30a 5.1 0.0 0.00 1.2 13.0 1:30p E
9
61.4 65.1 1:30p 58.2 6:30a 3.4 0.0 0.00 1.2 17.0 10:30a ESE
10 59.7 66.0 2:00p 55.9 12:00m 4.0 0.0 0.03 0.8 13.0 1:30p SSE
11 56.8 64.3 2:30p 50.2 6:30a 7.7 0.0 0.01 0.3 8.0 2:00p E
12 56.2 67.4 2:00p 48.6 6:00a 7.0 0.0 0.00 0.8 10.0 12:30p WNW
13 59.5 73.2 2:00p 49.8 5:30a 3.5 0.0 0.00 0.8 11.0 3:30p WNW
14 60.9 77.3 2:30p 51.5 7:00a 0.6 0.0 0.00 0.4 10.0 3:00p ENE
15 66.4 82.8 1:30p 53.4 3:00a 0.0 3.1 0.00 1.6 19.0 5:00p N
16 64.2 76.6 1:00p 55.4 7:00a 0.0 1.0 0.00 1.0 13.0 1:00p WNW
17 64.0 76.0 1:00p 51.9 6:30a 1.0 0.0 0.00 1.4 13.0 12:00m WNW
18 69.4 83.6 2:30p 58.8 7:00a 0.0 6.2 0.00 0.9 18.0 1:00a ESE
19 64.2 79.1 1:30p 54.5 7:00a 0.0 1.8 0.00 0.4 11.0 2:30p E
20 66.4 80.0 1:00p 57.5 7:00a 0.0 3.8 0.00 0.7 12.0 1:30p E
21 65.3 77.8 2:00p 57.0 5:00a 0.0 2.4 0.00 0.7 13.0 12:00p E
22 64.7 77.3 3:00p 56.0 6:30a 0.0 1.7 0.00 0.3 7.0 11:30a E
23 62.2 71.9 2:00p 56.4 3:30a 0.8 0.0 0.00 0.3 8.0 10:00a E
24 58.6 69.8 3:00p 50.6 7:30a 4.8 0.0 0.00 0.7 10.0 4:30p WNW
25 56.6 68.4 3:00p 48.5 6:00a 6.5 0.0 0.03 0.6 9.0 4:00p E
26 57.3 65.0 1:00p 46.6 12:00m 9.2 0.0 0.00 0.8 14.0 2:00p SE
27 56.5 65.9 1:30p 46.4 12:30a 8.8 0.0 0.00 5.1 34.0 7:30a N
28 52.7 65.3 2:30p 44.5 7:00a 10.1 0.0 0.00 0.5 10.0 12:30p E
29 52.9 64.4 1:30p 45.2 5:00a 10.2 0.0 0.00 0.6 11.0 3:00p WNW
30 57.0 66.3 3:00p 51.3 5:00a 6.2 0.0 0.00 1.3 15.0 2:30p WNW
-------------------------------------------------------------------------------------
60.8 83.9 1 44.5 28 106.7 29.0 0.07 0.9 34.0 27 E
Max >= 90.0: 0
Max <= 32.0: 0
Min <= 32.0: 0
Min <= 0.0: 0
Max Rain: 0.03 ON
11/10/05
Days of Rain: 2
(>.01 in) 0 (>.1 in) 0 (>1 in)
Heat Base: 65.0 Cool Base: 65.0 Method: (High + Low) / 2