MONTHLY
CLIMATOLOGICAL SUMMARY for JAN. 2006
NAME: home CITY: Lake Forest STATE: CA
ELEV: 720 LAT: 33 39.550 N LONG: 117 40.199 W
TEMPERATURE (°F), RAIN
(in), WIND SPEED (mph)
HEAT COOL AVG
MEAN
DEG DEG
WIND
DOM
DAY TEMP HIGH TIME LOW TIME DAYS DAYS RAIN SPEED HIGH TIME DIR
------------------------------------------------------------------------------------
1
54.6 61.6 2:30p 49.8 7:30a 9.3 0.0 0.10 1.0 14.0 9:30p ESE
2
55.5 57.7 9:00a 50.7 12:00m 10.8 0.0 0.66 3.4 34.0 11:30a ESE
3
51.2 58.5 2:30p 45.4 12:00m 13.0 0.0 0.00 1.1 14.0 3:00p WNW
4
58.2 71.9 3:00p 44.7 2:00a 6.7 0.0 0.00 0.3 8.0 9:30p E
5
67.2 81.5 2:30p 57.5 2:00a 0.0 4.5 0.00 0.8 11.0 11:30a WNW
6
65.8 79.0 2:30p 57.9 6:30a 0.0 3.5 0.00 0.6 9.0 3:00p ENE
7
57.6 68.1 2:30p 50.1 8:00a 5.9 0.0 0.00 0.5 11.0 11:30a ESE
8
53.3 64.6 3:00p 46.1 7:00a 9.7 0.0 0.00 0.5 11.0 3:00p E
9
59.2 74.1 2:30p 47.1 3:30a 4.4 0.0 0.00 0.2 9.0 12:00p E
10 57.7 68.9 2:30p 50.2 7:00a 5.4 0.0 0.00 0.5 10.0 2:00p E
11 54.6 66.8 1:30p 46.6 7:00a 8.3 0.0 0.00 0.5 12.0 2:00p E
12 53.4 65.7 3:00p 45.3 7:30a 9.5 0.0 0.00 0.5 10.0 3:30p E
13 55.4 68.4 2:00p 47.0 7:00a 7.3 0.0 0.00 0.6 9.0 1:30p E
14 53.4 59.9 12:00p 47.4 12:00m 11.3 0.0 0.06 0.5 12.0 12:00p ESE
15 48.7 57.0 2:30p 41.6 12:00m 15.7 0.0 0.00 1.2 14.0 2:30p WNW
16 49.2 65.7 3:00p 38.4 5:30a 13.0 0.0 0.00 1.5 22.0 2:00p ESE
17 53.1 65.2 2:00p 45.6 5:30a 9.6 0.0 0.00 0.6 12.0 2:00p E
18 52.4 61.5 2:30p 43.8 7:00a 12.4 0.0 0.00 0.6 15.0 4:30p E
19 52.2 60.7 2:30p 45.7 7:00a 11.8 0.0 0.00 1.4 18.0 3:30p WNW
20 50.7 62.9 3:00p 42.4 6:00a 12.3 0.0 0.00 1.0 12.0 1:00p WNW
21 50.1 63.9 2:30p 40.4 6:30a 12.8 0.0 0.00 0.5 11.0 3:30p E
22 55.0 71.4 2:00p 42.1 7:00a 8.3 0.0 0.00 4.0 31.0 7:00p N
23 61.4 68.4 3:00p 55.4 6:00a 3.1 0.0 0.00 5.9 38.0 6:30a N
24 60.6 71.7 1:30p 48.5 10:30p 4.9 0.0 0.00 3.8 25.0 4:00a N
25 52.8 64.0 2:30p 45.1 5:00a 10.5 0.0 0.00 1.2 15.0 3:00p ESE
26 51.3 60.7 1:00p 44.1 9:30p 12.6 0.0 0.00 0.6 14.0 4:00p E
27 51.9 59.7 2:30p 46.5 12:30a 11.9 0.0 0.00 1.1 13.0 1:30p WNW
28 52.1 64.3 2:30p 44.6 6:30a 10.5 0.0 0.00 0.5 9.0 1:30p E
29 51.9 63.6 2:30p 44.4 7:00a 11.0 0.0 0.00 0.3 8.0 3:30p E
30 52.9 63.1 1:30p 45.2 7:00a 10.9 0.0 0.00 1.0 14.0 2:30p WNW
31 55.4 63.9 2:00p 48.4 12:00m 8.8 0.0 0.00 0.9 13.0 4:00p WNW
-------------------------------------------------------------------------------------
54.8 81.5 5 38.4 16 281.8 8.0 0.82 1.2 38.0 23 E
Max >= 90.0: 0
Max <= 32.0: 0
Min <= 32.0: 0
Min <= 0.0: 0
Max Rain: 0.66
ON 1/02/06
Days of Rain: 3
(>.01 in) 1 (>.1 in) 0 (>1 in)
Heat Base: 65.0 Cool Base: 65.0 Method: (High + Low) / 2