MONTHLY CLIMATOLOGICAL SUMMARY for APR. 2006

 

NAME: home   CITY: Lake Forest   STATE: CA

ELEV: 720  LAT: 33 39.550 N  LONG: 117 40.199 W

 

                   TEMPERATURE (°F), RAIN  (in), WIND SPEED (mph)

 

                                      HEAT  COOL        AVG

    MEAN                              DEG   DEG         WIND                 DOM

DAY TEMP  HIGH   TIME   LOW    TIME   DAYS  DAYS  RAIN  SPEED HIGH   TIME    DIR

------------------------------------------------------------------------------------

 1  55.3  69.5   2:00p  46.4  12:00m   7.0   0.0  0.08   1.3  12.0   3:00p   ESE

 2  55.3  68.7   2:00p  42.7   6:00a   9.3   0.0  0.00   1.3  16.0   3:00p   WNW

 3  61.4  72.4   1:00p  50.8   3:00a   3.4   0.0  0.05   0.7   8.0  10:00a     E

 4  58.7  66.5   9:30a  51.7   9:30p   5.9   0.0  1.44   2.5  20.0   2:30p   ESE

 5  53.8  60.6   3:30p  50.4   5:30a   9.5   0.0  0.27   3.3  28.0  12:30p   WNW

 6  55.8  67.8   4:00p  45.0   6:30a   8.6   0.0  0.00   0.9  13.0   4:30p   WNW

 7  55.6  71.6   3:30p  45.4   6:30a   6.5   0.0  0.00   1.1  14.0   3:00p   WNW

 8  56.9  69.4   2:00p  45.4   6:00a   7.6   0.0  0.00   2.0  16.0   2:30p   WNW

 9  57.4  71.0   2:30p  47.8   4:30a   5.6   0.0  0.00   1.4  14.0   2:30p   SSW

10  57.2  68.6   4:30p  48.2   7:00a   6.6   0.0  0.00   1.1  14.0   3:00p   SSW

11  59.0  72.2   2:30p  48.1   4:00a   4.9   0.0  0.00   0.8  14.0   3:30p   ESE

12  60.7  76.3   2:30p  48.2   6:00a   2.7   0.0  0.00   1.2  15.0   2:30p   SSW

13  64.5  85.6   4:00p  48.2   5:30a   0.0   1.9  0.00   1.3  13.0   4:30p   WNW

14  58.5  63.2   9:00a  55.9  11:00p   5.4   0.0  0.33   1.8  15.0  10:30a   SSW

15  57.4  65.4   4:00p  54.8  12:00m   4.9   0.0  0.05   1.1  12.0   5:30p   WNW

16  58.7  68.9   3:30p  53.3   5:30a   3.9   0.0  0.00   1.8  14.0   2:30p   WNW

17  58.1  69.0   3:30p  50.0  12:00m   5.5   0.0  0.00   1.2  14.0   3:00p   WNW

18  60.8  76.5   2:00p  45.7   6:30a   3.9   0.0  0.00   1.5  15.0   1:30p   WNW

19  62.8  78.6   2:30p  49.2   6:30a   1.1   0.0  0.00   1.4  17.0   2:30p   WNW

20  64.2  79.8   2:30p  50.2   6:30a   0.0   0.0  0.00   1.1  15.0   3:00p   ESE

21  61.7  72.7   3:00p  54.3   3:30a   1.5   0.0  0.00   1.6  16.0  11:30a   SSW

22  57.3  63.0   2:00p  51.6  12:00m   7.7   0.0  0.04   0.8  10.0  12:00p   WNW

23  56.6  68.3   1:00p  48.8   6:00a   6.4   0.0  0.10   0.9  11.0   1:30p   WNW

24  56.9  69.8   1:30p  45.9   6:00a   7.1   0.0  0.00   1.7  16.0   3:00p   WNW

25  55.8  64.4  12:30p  48.8   6:30a   8.4   0.0  0.00   0.5   8.0   1:30p   SSW

26  58.3  68.4   3:00p  52.4   6:30a   4.6   0.0  0.00   1.5  16.0   1:30p   WNW

27  59.0  69.3  12:30p  53.1   5:00a   3.8   0.0  0.00   1.4  16.0  12:00p    SE

28  59.8  65.7   1:30p  54.9  12:30a   4.7   0.0  0.00   0.7   7.0  10:30a    SE

29  62.4  73.6   3:00p  55.2  12:00m   0.6   0.0  0.00   1.6  14.0   4:00p   WNW

30  61.8  76.6   2:30p  53.1   3:30a   0.2   0.0  0.00   1.8  13.0   2:30p   WNW

-------------------------------------------------------------------------------------

    58.7  85.6    13    42.7     2   147.4   1.9  2.36   1.4  28.0     5     WNW

 

Max >=  90.0:  0

Max <=  32.0:  0

Min <=  32.0:  0

Min <=   0.0:  0

Max Rain: 1.44 ON  4/04/06

Days of Rain: 8 (>.01 in) 3 (>.1 in) 1 (>1 in)

Heat Base:  65.0  Cool Base:  65.0  Method: (High + Low) / 2