MONTHLY CLIMATOLOGICAL SUMMARY for NOV. 2006

 

NAME: home   CITY: Lake Forest   STATE: CA

ELEV: 720  LAT: 33 39.550 N  LONG: 117 40.199 W

 

                   TEMPERATURE (°F), RAIN  (in), WIND SPEED (mph)

 

                                      HEAT  COOL        AVG

    MEAN                              DEG   DEG         WIND                 DOM

DAY TEMP  HIGH   TIME   LOW    TIME   DAYS  DAYS  RAIN  SPEED HIGH   TIME    DIR

------------------------------------------------------------------------------------

 1  59.1  68.5   2:00p  53.0   7:00a   4.3   0.0  0.00   1.3  12.0  12:00p   WNW

 2  60.3  72.0   2:30p  51.7   5:30a   3.1   0.0  0.00   1.1  12.0   3:00p   WNW

 3  60.7  72.2   2:00p  53.9   4:30a   2.0   0.0  0.00   0.7  15.0   3:30p   WNW

 4  61.5  72.9   2:30p  56.4   4:00a   0.3   0.0  0.00   0.7  11.0   1:30p   WNW

 5  67.1  81.5   2:00p  55.8   2:30a   0.0   3.6  0.00   0.6  13.0   2:30p   ESE

 6  73.6  87.7  12:30p  62.4   6:30a   0.0  10.0  0.00   1.2  13.0   7:30a   WNW

 7  73.3  88.2   2:00p  63.4  12:00m   0.0  10.8  0.00   0.4   9.0   1:00p     E

 8  66.8  81.5   1:00p  58.4  12:00m   0.0   5.0  0.00   0.6  10.0  12:30p   SSE

 9  60.8  70.8   2:30p  54.4   6:30a   2.4   0.0  0.00   0.5  11.0   4:00p   WNW

10  60.8  74.3   2:30p  50.9   6:30a   2.4   0.0  0.00   0.9  10.0   2:00p   WNW

11  59.9  69.2   2:00p  53.0   6:30a   3.9   0.0  0.01   0.8  14.0  12:00p   ESE

12  59.8  73.5   2:30p  51.7   6:00a   2.4   0.0  0.01   1.7  19.0   1:30p   NNW

13  59.6  72.1   1:30p  50.9   6:30a   3.5   0.0  0.00   0.6  13.0   3:00p   WNW

14  60.8  69.6   3:00p  53.3  12:30a   3.6   0.0  0.08   0.5   9.0  11:00a   ESE

15  63.7  78.8   2:30p  52.6   6:30a   0.0   0.7  0.00   0.6  10.0   2:30p   WNW

16  63.3  77.3   2:00p  55.2   5:30a   0.0   1.3  0.00   0.4  10.0   2:30p     E

17  62.0  74.1   1:00p  54.2   6:30a   0.9   0.0  0.00   0.4   8.0   1:30p   WNW

18  63.8  77.3   2:00p  54.8   6:30a   0.0   1.1  0.00   0.5  12.0   2:30p   WNW

19  68.5  82.0   2:00p  57.0   5:00a   0.0   4.5  0.00   0.9  12.0   2:00p   WNW

20  68.2  82.5   2:00p  59.6   7:00a   0.0   6.0  0.00   0.3  10.0   3:00p   ESE

21  60.3  72.6  12:30p  52.2   6:30a   2.6   0.0  0.00   0.5  11.0   1:00p   ESE

22  58.4  70.6   2:00p  50.5   7:00a   4.5   0.0  0.00   0.2   8.0  12:30p    NW

23  58.1  68.3   3:00p  51.9   6:30a   4.9   0.0  0.00   0.4   9.0   2:00p   WNW

24  57.2  67.3   2:30p  50.3   4:00a   6.2   0.0  0.00   0.3   8.0  10:30a   ESE

25  57.0  65.3   2:30p  50.2  12:00m   7.2   0.0  0.00   0.7  11.0  11:30a   ESE

26  54.5  65.0   1:30p  47.2   7:00a   8.9   0.0  0.00   0.6  10.0   2:00p   ESE

27  54.6  62.8   1:00p  50.4   3:00a   8.4   0.0  0.09   0.7  12.0   3:30p   ESE

28  53.0  60.9   2:30p  46.1  12:00m  11.5   0.0  0.00   0.8  13.0  11:30a    SE

29  51.6  61.5   1:00p  43.0   5:00a  12.8   0.0  0.00   3.3  25.0   1:00p     N

30  50.9  64.3   2:30p  40.9   3:00a  12.4   0.0  0.00   0.5  15.0   4:00a    SE

-------------------------------------------------------------------------------------

    61.0  88.2     7    40.9    30   108.1  43.0  0.19   0.8  25.0    29     WNW

 

Max >=  90.0:  0

Max <=  32.0:  0

Min <=  32.0:  0

Min <=   0.0:  0

Max Rain: 0.09 ON 11/27/06

Days of Rain: 2 (>.01 in) 0 (>.1 in) 0 (>1 in)

Heat Base:  65.0  Cool Base:  65.0  Method: (High + Low) / 2