MONTHLY
CLIMATOLOGICAL SUMMARY for DEC. 2006
NAME: home CITY: Lake Forest STATE: CA
ELEV: 720 LAT: 33 39.550 N LONG: 117 40.199 W
TEMPERATURE (°F), RAIN
(in), WIND SPEED (mph)
HEAT COOL AVG
MEAN
DEG DEG
WIND
DOM
DAY TEMP HIGH TIME LOW TIME DAYS DAYS RAIN SPEED HIGH TIME DIR
------------------------------------------------------------------------------------
1
54.1 67.9 2:30p 45.0 7:00a 8.5 0.0 0.00 0.4 9.0 2:00p E
2
59.4 74.8 2:30p 47.0 7:00a 4.1 0.0 0.00 1.9 23.0 6:00p N
3
58.0 72.8 2:30p 49.5 8:00a 3.8 0.0 0.00 0.4 11.0 3:00p N
4
56.5 70.2 2:00p 46.6 7:00a 6.6 0.0 0.00 0.6 12.0 1:00p E
5
54.9 68.8 1:30p 46.7 6:30a 7.2 0.0 0.00 0.2 9.0 1:30p E
6
54.4 69.3 2:00p 43.5 7:30a 8.6 0.0 0.00 0.4 8.0 1:00p E
7
58.2 72.4 2:00p 46.5 7:00a 5.5 0.0 0.00 0.2 7.0 1:00p SE
8
60.2 73.4 2:30p 52.6 9:00p 2.0 0.0 0.00 1.1 17.0 4:00p SE
9
55.5 65.1 1:30p 47.2 7:30a 8.9 0.0 0.24 0.7 19.0 11:00p E
10 54.8 60.9 1:00p 50.6 7:30a 9.3 0.0 0.24 1.1 15.0 6:30p WNW
11 55.0 63.3 2:00p 49.0 12:00m 8.9 0.0 0.00 0.7 12.0 3:00p ESE
12 54.4 65.4 1:00p 46.4 5:30a 9.1 0.0 0.00 0.4 9.0 3:30p WNW
13 56.7 68.0 2:30p 48.3 6:30a 6.9 0.0 0.00 0.4 9.0 10:00a WNW
14 60.2 71.2 2:00p 53.2 12:00m 2.8 0.0 0.00 0.2 7.0 3:00p E
15 55.3 63.8 2:00p 48.7 7:30a 8.8 0.0 0.00 0.4 10.0 9:30p E
16 53.2 58.6 1:30p 45.9 9:00p 12.8 0.0 0.12 1.8 20.0 3:00p E
17 46.4 53.7 1:30p 40.9 12:00m 17.7 0.0 0.01 0.8 14.0 12:30p E
18 48.5 55.3 2:00p 40.9 12:30a 16.9 0.0 0.00 3.1 25.0 8:30a N
19 46.0 55.7 2:00p 38.7 6:00a 17.8 0.0 0.00 1.5 16.0 1:30p WNW
20 46.5 56.7 2:30p 39.4 7:00a 16.9 0.0 0.00 0.6 11.0 12:00p E
21 47.8 57.8 3:00p 39.9 7:00a 16.1 0.0 0.00 1.0 15.0 1:00p WNW
22 52.8 62.2 4:00p 44.9 12:30a 11.4 0.0 0.05 2.5 31.0 10:00p WNW
23 58.5 70.3 12:30p 49.9 8:00a 4.9 0.0 0.00 3.4 27.0 12:30a WNW
24 55.8 68.3 2:30p 47.0 6:00a 7.3 0.0 0.00 0.3 8.0 4:00p WNW
25 59.7 73.4 2:00p 51.3 1:30a 2.6 0.0 0.00 0.4 8.0 12:30p E
26 58.2 69.6 3:00p 51.2 5:00a 4.6 0.0 0.00 0.4 10.0 6:30p WNW
27 52.0 57.5 12:30p 42.7 12:00m 14.9 0.0 0.21 3.0 28.0 3:00p WNW
28 51.4 61.5 3:00p 40.4 6:00a 14.0 0.0 0.00 3.4 29.0 1:30p N
29 54.8 63.1 2:30p 45.0 12:00m 11.0 0.0 0.00 2.2 24.0 7:00a WNW
30 50.2 64.3 3:00p 41.7 7:00a 12.0 0.0 0.00 0.3 10.0 3:00p ESE
31 49.2 60.0 3:00p 40.8 7:00a 14.6 0.0 0.00 0.7 12.0 1:00p WNW
-------------------------------------------------------------------------------------
54.1 74.8 2 38.7 19 296.6 0.0 0.87 1.1 31.0 22 WNW
Max >= 90.0: 0
Max <= 32.0: 0
Min <= 32.0: 0
Min <= 0.0: 0
Max Rain: 0.24 ON
12/10/06
Days of Rain: 5
(>.01 in) 4 (>.1 in) 0 (>1 in)
Heat Base: 65.0 Cool Base: 65.0 Method: (High + Low) / 2