MONTHLY CLIMATOLOGICAL SUMMARY for JUN. 1998

NAME: home   CITY: Lake Forest   STATE: CA 
ELEV: 720  LAT: 33 39.550 N  LONG: 117 40.199 W

                   TEMPERATURE (F), RAIN  (in), WIND SPEED (mph)

                                      HEAT  COOL        AVG
    MEAN                              DEG   DEG         WIND                 DOM
DAY TEMP  HIGH   TIME   LOW    TIME   DAYS  DAYS  RAIN  SPEED HIGH   TIME    DIR
------------------------------------------------------------------------------------
 1  66.1  79.9   3:00p  52.9   6:30a   0.0   1.4  0.00   1.4  10.0   1:00p     W
 2  66.6  82.4   2:30p  53.4   6:00a   0.0   2.9  0.00   1.0  10.0   6:00p    SW
 3  64.7  73.6   5:00p  58.1   6:30a   0.0   0.8  0.00   2.1  15.0   1:30p    SW
 4  65.7  78.5   4:00p  57.8   4:30a   0.0   3.1  0.00   0.9   9.0  12:30p    SW
 5  65.2  77.9   2:30p  53.7   6:00a   0.0   0.8  0.00   1.4  10.0  12:30p     W
 6  62.5  73.7  11:30a  57.8  12:00m   0.0   0.7  0.02   1.1   9.0  12:00p    SW
 7  60.6  66.7   2:00p  54.9   6:00a   4.2   0.0  0.00   0.8   8.0  12:30a    SW
 8  62.6  71.6   4:00p  57.2   6:00a   0.6   0.0  0.08   0.4   8.0   5:00p     S
 9  63.5  70.2   5:00p  56.0   6:30a   1.9   0.0  0.00   0.6   7.0   2:00p    SW
10  63.6  72.0   3:30p  57.7   2:30a   0.1   0.0  0.00   0.9   7.0   2:00p     W
11  61.8  65.9   1:00p  58.6   6:00a   2.8   0.0  0.08   0.4   7.0  12:30p     S
12  60.5  69.6   5:00p  55.9   6:30a   2.3   0.0  0.05   0.6   8.0   6:30p     S
13  64.2  77.4   3:30p  52.2   5:00a   0.2   0.0  0.00   1.6  10.0  12:30p     W
14  69.0  83.4   4:00p  55.6   6:00a   0.0   4.5  0.00   1.3   9.0   1:00p     W
15  70.1  85.4   3:30p  59.9   6:30a   0.0   7.7  0.00   1.0   8.0  12:00p    SW
16  63.7  69.8   4:30p  60.4   6:00a   0.0   0.1  0.02   0.6   9.0   2:30p     S
17  69.2  82.3   4:00p  59.4   6:00a   0.0   5.9  0.01   1.0   8.0   1:00p    SW
18  68.7  82.0   3:30p  56.5   6:00a   0.0   4.3  0.00   1.4  10.0   2:00p     W
19  68.6  82.5   2:30p  59.6   4:00a   0.0   6.0  0.00   1.5  10.0   1:30p     W
20  68.3  80.3   3:30p  61.1   5:30a   0.0   5.7  0.00   1.3   9.0   1:00p     W
21  69.3  83.9   2:30p  60.4   7:00a   0.0   7.2  0.00   1.4  11.0   2:30p     W
22  67.3  81.7   3:00p  55.6   5:30a   0.0   3.6  0.00   1.2   9.0   1:00p    SW
23  68.7  82.0   2:00p  60.0   6:30a   0.0   6.0  0.00   1.3  10.0   3:00p     W
24  69.8  82.9   4:30p  61.0   6:30a   0.0   7.0  0.00   1.2  10.0   1:30p     W
25  69.9  82.4   3:00p  61.0   5:30a   0.0   6.7  0.00   1.4   9.0   1:00p     W
26  70.9  83.1   4:00p  61.3   3:00a   0.0   7.2  0.00   1.4  10.0   2:00p     W
27  70.9  84.5   2:30p  62.4   6:00a   0.0   8.5  0.00   1.4  10.0   4:30p     W
28  70.8  84.1   2:30p  62.5   5:30a   0.0   8.3  0.00   1.3   9.0   3:00p     W
29  72.8  86.6   2:30p  59.8   6:30a   0.0   8.2  0.00   1.4   9.0  12:00p     W
30  72.3  86.7   3:00p  59.8   6:30a   0.0   8.2  0.00   1.3   9.0   3:30p     W
-------------------------------------------------------------------------------------
    66.9  86.7    30    52.2    13    12.1 114.8  0.26   1.1  15.0     3       W

Max >=  90.0:  0
Max <=  32.0:  0
Min <=  32.0:  0
Min <=   0.0:  0
Max Rain: 0.08 ON  6/11/98
Days of Rain: 5 (>.01 in) 0 (>.1 in) 0 (>1 in)
Heat Base:  65.0  Cool Base:  65.0  Method: (High + Low) / 2