MONTHLY CLIMATOLOGICAL SUMMARY for FEB. 1999

NAME: home   CITY: Lake Forest   STATE: CA 
ELEV: 720  LAT: 33 39.550 N  LONG: 117 40.199 W

                   TEMPERATURE (F), RAIN  (in), WIND SPEED (mph)

                                      HEAT  COOL        AVG
    MEAN                              DEG   DEG         WIND                 DOM
DAY TEMP  HIGH   TIME   LOW    TIME   DAYS  DAYS  RAIN  SPEED HIGH   TIME    DIR
------------------------------------------------------------------------------------
 1  51.6  66.5   4:00p  42.1   7:30a  10.7   0.0  0.00   2.9  16.0   3:00p    SE
 2  57.5  72.1   2:00p  48.2   7:30a   4.9   0.0  0.00   2.4  18.0   3:00a    SE
 3  56.0  69.4   3:30p  47.2   4:30a   6.7   0.0  0.00   1.9  11.0   2:30p    NW
 4  50.9  55.2   2:00p  48.5  11:30p  13.1   0.0  0.21   1.3  11.0   5:00a    SE
 5  52.9  59.5   4:00p  48.7  12:30a  10.9   0.0  0.07   1.7  15.0  11:30a    SE
 6  52.2  62.1   2:00p  45.9   6:00a  11.0   0.0  0.00   2.1  11.0   2:30p    NW
 7  53.4  63.5   1:30p  43.8   7:30a  11.4   0.0  0.04   2.5  16.0  11:30a    NW
 8  56.1  64.6   3:00p  52.7  12:00m   6.4   0.0  0.00   1.4   9.0   4:30p   SSE
 9  53.0  62.8  12:30p  42.5  12:00m  12.4   0.0  0.19   2.5  21.0   5:30p    SE
10  47.3  56.3   4:00p  37.7   7:00a  18.0   0.0  0.00   5.5  25.0  10:00p     N
11  51.4  63.8   3:30p  40.3   6:30a  13.0   0.0  0.00   3.1  17.0   1:00a   WNW
12  54.8  72.5   3:00p  42.8   5:30a   7.4   0.0  0.00   2.7  14.0  12:00p    SE
13  56.1  73.0   3:30p  45.6   6:00a   5.7   0.0  0.00   2.5  12.0   5:00p    NW
14  52.1  64.6   2:30p  42.3   7:30a  11.6   0.0  0.00   2.9  16.0   3:00p    NW
15  52.4  62.3   1:00p  43.8   6:30a  12.0   0.0  0.00   2.0  13.0   3:00p    NW
16  53.1  66.2   2:30p  45.5   7:30a   9.2   0.0  0.00   2.1  13.0   3:30p    NW
17  55.9  70.7   3:30p  47.5   5:30a   5.9   0.0  0.00   1.6  11.0   1:30p    SE
18  53.9  61.4   2:00p  49.2   3:30a   9.7   0.0  0.00   1.8   9.0  10:00a    NW
19  55.4  66.0   3:00p  48.9  11:30p   7.5   0.0  0.00   1.6  11.0   5:00p    NW
20  56.2  71.8   2:30p  45.6   6:30a   6.3   0.0  0.00   1.9  13.0   3:30p    SE
21  54.8  68.8   2:00p  47.0   7:00a   7.1   0.0  0.00   1.8  10.0   3:30p   SSE
22  56.8  73.9   3:30p  43.4   4:30a   6.3   0.0  0.00   2.2  13.0   3:30p    NW
23  62.9  79.2   2:00p  52.3   5:30a   0.0   0.7  0.00   1.9  10.0   3:00p   ESE
24  61.2  78.0   2:00p  48.8  12:00m   1.6   0.0  0.00   2.3  14.0   4:30p    SE
25  54.0  67.6   1:30p  44.2   7:00a   9.1   0.0  0.00   2.4  15.0   3:00p    NW
26  53.0  64.7   1:00p  43.9   6:00a  10.7   0.0  0.00   2.1  15.0   2:00p    NW
27  55.7  69.9   2:30p  45.1   6:30a   7.5   0.0  0.00   2.0  14.0   1:30p    NW
28  59.4  76.1   3:00p  47.3   6:30a   3.3   0.0  0.00   2.3  14.0   2:00p    NW
-------------------------------------------------------------------------------------
    54.6  79.2    23    37.7    10   239.1   0.7  0.51   2.2  25.0    10      NW

Max >=  90.0:  0
Max <=  32.0:  0
Min <=  32.0:  0
Min <=   0.0:  0
Max Rain: 0.21 ON  2/04/99
Days of Rain: 4 (>.01 in) 2 (>.1 in) 0 (>1 in)
Heat Base:  65.0  Cool Base:  65.0  Method: (High + Low) / 2