MONTHLY CLIMATOLOGICAL SUMMARY for MAR. 1999

NAME: home   CITY: Lake Forest   STATE: CA 
ELEV: 720  LAT: 33 39.550 N  LONG: 117 40.199 W

                   TEMPERATURE (F), RAIN  (in), WIND SPEED (mph)

                                      HEAT  COOL        AVG
    MEAN                              DEG   DEG         WIND                 DOM
DAY TEMP  HIGH   TIME   LOW    TIME   DAYS  DAYS  RAIN  SPEED HIGH   TIME    DIR
------------------------------------------------------------------------------------
 1  60.7  74.9   1:00p  50.5   3:00a   2.3   0.0  0.00   1.9  15.0   3:00p    SE
 2  59.7  77.9   1:30p  49.2   3:30a   1.4   0.0  0.00   2.2  16.0   2:00p    SE
 3  55.5  67.9   1:30p  44.8   6:30a   8.6   0.0  0.16   2.3  15.0   1:30p    NW
 4  55.1  63.4   4:00p  50.2   6:30a   8.2   0.0  0.03   2.0  12.0   4:00p   SSE
 5  54.8  64.3   2:00p  47.9   4:00a   8.9   0.0  0.00   2.3  16.0   2:30p    NW
 6  53.2  59.4   2:30p  46.5  12:00m  12.0   0.0  0.02   2.0  12.0   2:00p     S
 7  51.0  62.4   3:00p  44.1  12:00m  11.8   0.0  0.03   2.0  14.0   2:00p    NW
 8  53.2  66.7   2:30p  43.2   6:00a  10.1   0.0  0.00   2.3  13.0   2:00p    SE
 9  51.2  60.2   4:30p  43.4   6:30a  13.2   0.0  0.01   1.4  10.0   4:00p    SE
10  51.1  64.4   2:00p  40.2   5:00a  12.7   0.0  0.00   2.3  15.0   2:30p     S
11  49.7  56.4   3:30p  43.6  12:00m  15.0   0.0  0.12   1.9  11.0  12:00p   WNW
12  52.0  65.9   3:30p  41.9   5:30a  11.1   0.0  0.00   2.9  16.0  12:30p    NW
13  56.5  71.8   2:00p  45.8   2:00a   6.2   0.0  0.00   2.4  13.0   1:00p    NW
14  55.0  72.6   2:00p  43.7   6:00a   6.9   0.0  0.00   2.0  12.0   3:00p    SE
15  50.5  58.4   4:00p  40.8  12:00m  15.4   0.0  0.24   3.5  18.0   9:00a   SSE
16  49.4  61.8   3:30p  40.0   3:00a  14.1   0.0  0.00   2.0  14.0  12:30p    NW
17  52.2  65.3   2:30p  41.4   4:30a  11.6   0.0  0.00   2.0  12.0   3:30p    SE
18  55.8  70.9   3:30p  46.1  12:00m   6.5   0.0  0.00   2.0  15.0   1:00p    SE
19  57.1  74.2   2:00p  44.5   3:00a   5.7   0.0  0.00   1.8  13.0   2:00p   ESE
20  51.9  63.4   3:30p  46.2  11:30p  10.2   0.0  0.05   2.5  17.0   4:30p    NW
21  54.3  65.1   3:00p  45.5   3:30a   9.7   0.0  0.00   3.9  19.0   2:30p    NW
22  55.7  69.4   3:00p  44.0   6:00a   8.3   0.0  0.00   2.5  14.0  12:30p    NW
23  55.6  65.2  11:30a  46.5  12:00m   9.2   0.0  0.00   2.6  13.0  10:30a    NW
24  57.2  71.0   2:30p  46.0   1:00a   6.5   0.0  0.00   1.7  13.0   2:00p    SE
25  50.3  58.4  11:00a  44.8  12:00m  13.4   0.0  0.45   2.5  18.0   1:30p    SE
26  55.2  70.3   2:30p  44.4   4:00a   7.6   0.0  0.01   2.2  14.0   4:00p   SSE
27  58.8  70.4   1:30p  50.9  12:00m   4.3   0.0  0.00   1.5  14.0   1:30p   ESE
28  57.4  69.6   2:00p  46.3   6:00a   7.1   0.0  0.00   2.5  15.0   3:30p    NW
29  60.3  76.6   1:30p  47.7   5:00a   2.9   0.0  0.00   2.3  14.0   2:30p    NW
30  58.4  73.7   1:30p  48.0   5:30a   4.2   0.0  0.00   2.6  15.0   2:00p   WNW
31  52.9  61.4   2:00p  48.1   6:00a  10.3   0.0  0.00   4.4  30.0   2:00p   WNW
-------------------------------------------------------------------------------------
    54.6  77.9     2    40.0    16   275.2   0.0  1.12   2.3  30.0    31      NW

Max >=  90.0:  0
Max <=  32.0:  0
Min <=  32.0:  0
Min <=   0.0:  0
Max Rain: 0.45 ON  3/25/99
Days of Rain: 8 (>.01 in) 4 (>.1 in) 0 (>1 in)
Heat Base:  65.0  Cool Base:  65.0  Method: (High + Low) / 2