MONTHLY CLIMATOLOGICAL SUMMARY for JUL. 1999

NAME: home   CITY: Lake Forest   STATE: CA 
ELEV: 720  LAT: 33 39.550 N  LONG: 117 40.199 W

                   TEMPERATURE (F), RAIN  (in), WIND SPEED (mph)

                                      HEAT  COOL        AVG
    MEAN                              DEG   DEG         WIND                 DOM
DAY TEMP  HIGH   TIME   LOW    TIME   DAYS  DAYS  RAIN  SPEED HIGH   TIME    DIR
------------------------------------------------------------------------------------
 1  74.5  95.3   3:50p  60.4   5:00a   0.0  12.9  0.00   2.3  11.0   2:40p   SSW
 2  71.7  88.1   2:50p  61.0   3:40a   0.0   9.5  0.00   3.0  18.0   3:00p    SE
 3  69.9  86.3   4:20p  60.6   3:50a   0.0   8.5  0.00   2.5  13.0   4:00p    SE
 4  71.1  88.4   2:00p  60.4   5:20a   0.0   9.4  0.00   2.8  14.0   2:10p     W
 5  75.4  93.0  12:00p  57.2   5:50a   0.0  10.1  0.00   2.3  14.0   3:00p     W
 6  73.0  92.7   3:00p  60.3   3:30a   0.0  11.5  0.00   2.2  12.0   2:20p     W
 7  74.0  90.4   3:40p  61.8   6:20a   0.0  11.1  0.00   2.1  12.0   3:20p    SE
 8  71.9  83.5   3:50p  65.8   5:40a   0.0   9.7  0.11   1.5   9.0   4:10p     W
 9  76.3  89.3   4:10p  66.3   5:40a   0.0  12.8  0.00   2.6  16.0  12:50p     W
10  77.2  91.1   3:00p  64.3   6:00a   0.0  12.7  0.00   2.2  14.0   3:50p   WSW
11  78.0  93.2   3:40p  65.7   6:00a   0.0  14.4  0.00   2.4  14.0   6:20p     W
12  81.2  96.1   4:20p  66.8   5:50a   0.0  16.5  0.00   2.6  13.0  12:30p     W
13  80.6  94.4   2:40p  68.7   5:10a   0.0  16.5  0.00   3.0  13.0  11:40a     W
14  77.5  92.5   3:30p  65.5   6:00a   0.0  14.0  0.00   2.4  13.0   3:40p     W
15  73.8  87.1  12:50p  63.6  12:00m   0.0  10.3  0.00   2.7  16.0   1:10p     W
16  73.1  85.7   2:40p  62.9   1:30a   0.0   9.3  0.00   2.5  14.0   2:20p     W
17  73.4  86.5   1:20p  59.3   6:10a   0.0   7.9  0.00   2.5  15.0   1:50p     W
18  72.8  86.3   2:30p  61.6   2:50a   0.0   9.0  0.00   2.4  13.0   3:40p     W
19  72.8  85.8   2:30p  61.1   6:30a   0.0   8.5  0.00   3.0  15.0   2:30p     W
20  71.9  86.3   4:10p  57.9   6:20a   0.0   7.1  0.00   2.5  15.0   2:30p     W
21  71.5  85.6   1:40p  56.3   6:10a   0.0   5.9  0.00   2.5  15.0   2:40p     W
22  71.7  87.5   3:10p  55.1   5:50a   0.0   6.3  0.00   2.8  15.0   4:00p     W
23  73.0  88.4   2:00p  57.4   6:20a   0.0   7.9  0.00   3.0  15.0   2:30p     W
24  71.0  86.3   2:30p  55.4   6:10a   0.0   5.9  0.00   2.4  13.0   3:10p     W
25  69.3  86.1   3:00p  56.3   4:20a   0.0   6.2  0.00   1.8  13.0   1:40p     W
26  69.3  83.4   2:10p  58.6   6:40a   0.0   6.0  0.00   3.1  15.0   2:30p     W
27  67.8  81.5   1:30p  59.5   1:20a   0.0   5.5  0.00   2.4  15.0   2:00p     W
28  69.2  81.3   3:50p  61.6  12:30a   0.0   6.5  0.00   2.3  12.0  12:40p     W
29  71.1  84.7  12:40p  57.4   6:30a   0.0   6.0  0.00   2.2  14.0  12:50p     W
30  72.6  87.8   3:10p  58.4   6:00a   0.0   8.1  0.00   2.0  12.0  12:50p     W
31  72.2  88.4   3:10p  59.1   6:30a   0.0   8.8  0.00   1.8  12.0   2:20p    SE
-------------------------------------------------------------------------------------
    73.2  96.1    12    55.1    22     0.0 294.6  0.11   2.4  18.0     2       W

Max >=  90.0:  9
Max <=  32.0:  0
Min <=  32.0:  0
Min <=   0.0:  0
Max Rain: 0.11 ON  7/08/99
Days of Rain: 1 (>.01 in) 1 (>.1 in) 0 (>1 in)
Heat Base:  65.0  Cool Base:  65.0  Method: (High + Low) / 2