ANNUAL
CLIMATOLOGICAL SUMMARY 2005
NAME: home CITY: Lake Forest STATE: CA
ELEV: 720 LAT: 33 39.550 N LONG: 117 40.199 W
TEMPERATURE (°F), HEAT BASE
65.0, COOL BASE 65.0
DEP. HEAT
COOL
MEAN
MEAN
FROM DEG DEG MAX MAX MIN MIN
YR MO
MAX MIN MEAN
NORM DAYS DAYS HI
DATE LOW DATE
>=90 <=32 <=32 <=0
------------------------------------------------------------------------------------
5
1 64.4 48.6
55.6 1.1 273
11 81.9 19
41.5 6 0 0 0 0
5
2 66.0 50.4
56.8 0.8 191
0 73.4 17
45.6 24 0 0 0 0
5 3
70.1 50.2 58.4
1.4 152 1
77.8 31 45.3
26 0 0 0 0
5
4 74.4 49.7
60.7 0.2 101
12 89.0 6
44.7 9 0 0 0 0
5 5 80.4 55.8
66.8 3.3 14
109 92.0 21
47.8 11 2
0 0 0
5
6 79.8 58.0
67.6 0.1 0
117 88.7 22
52.5 7 0 0 0 0
5
7 89.1 63.0
74.3 2.8 0
344 100.8 20 58.2
4 10 0 0 0
5
8 87.0 62.6
72.7 0.2 0
305 95.2 28
57.0 22 9
0 0 0
5
9 82.0 58.3
68.2 -2.8 0
154 97.3 29
51.7 25 3
0 0 0
5 10
74.9 56.0 63.9
-2.6 61 75
91.4 5 50.2
29 2 0 0 0
5 11
72.1 52.7 60.8
1.8 107 29
83.9 1 44.5
28 0 0 0 0
5 12
65.3 48.5 55.6
1.6 252 0
73.8 21 43.3
14 0 0 0 0
------------------------------------------------------------------------------------
75.5
54.5 63.5 0.7
1151 1157 100.8 JUL 41.5
JAN 26 0 0 0
PRECIPITATION (in)
DEP. MAX
DAYS OF RAIN
FROM OBS.
OVER
YR MO
TOTAL NORM DAY DATE .01
.1 1
--------------------------------------------
5
1 8.47 6.26
2.59 9 11
8 2
5
2 9.70 7.47
1.89 19 11
10 4
5
3 1.13 -0.96 0.52
23 9 3
0
5
4 1.47 0.56
0.75 28 5
2 0
5 5 0.60 0.43
0.53 6 3
1 0
5
6 0.15 0.11
0.06 11 3
0 0
5
7 0.00 -0.01 0.00
1 0 0 0
5
8 0.00 -0.14 0.00
1 0 0 0
5
9 0.09 -0.31 0.06
20 2 0 0
5 10
0.84 0.54 0.28
16 5 3
0
5 11
0.07 -1.50 0.03 10
2 0 0
5 12
0.67 -1.07 0.48 31
5 1 0
--------------------------------------------
23.19 11.38 2.59
JAN 56 28
6
WIND SPEED
(mph)
DOM
YR MO
AVG. HI DATE
DIR
---------------------------------
5
1 1.4 34.0
31 E
5
2 1.7 34.0
1 ESE
5
3 1.6 30.0
14 WNW
5
4 1.6 25.0
8 WNW
5 5 1.5 20.0
5 WNW
5
6 1.4 18.0
25 WNW
5
7 1.5 20.0
20 WNW
5
8 1.3 14.0
1 WNW
5
9 1.3 28.0
28 WNW
5 10
1.1 23.0 5
WNW
5 11
0.9 34.0 27
E
5 12
0.7 24.0 4
WNW
---------------------------------
1.3 34.0 JAN WNW