ANNUAL
CLIMATOLOGICAL SUMMARY 2006
NAME: home CITY: Lake Forest STATE: CA
ELEV: 720 LAT: 33 39.550 N LONG: 117 40.199 W
TEMPERATURE (°F), HEAT BASE
65.0, COOL BASE 65.0
DEP. HEAT
COOL
MEAN
MEAN FROM DEG
DEG
MAX MAX MIN
MIN
YR MO
MAX MIN MEAN
NORM DAYS DAYS
HI DATE LOW
DATE >=90 <=32 <=32
<=0
------------------------------------------------------------------------------------
6
1 65.6 46.7
54.8 0.3 282
8 81.5 5
38.4 16 0
0 0 0
6
2 69.6 46.3
56.6 0.6 212
15 84.0 12
34.2 16 0
0 0 0
6
3 64.5 44.9
53.2 -3.8 320
0 78.1 23
37.8 12 0 0 0
0
6
4 70.4 49.9
58.7 -1.8 147
2 85.6 13
42.7 2 0
0 0 0
6
5 77.9 56.6
65.4 1.9 13
82 86.7 31
51.3 29 0
0 0 0
6
6 86.9 61.7
72.7 5.2 0
278 97.8 25
55.1 14 11
0 0 0
6
7 93.4 67.5
79.3 7.8 0
479 105.3 22 60.6
12 27 0
0 0
6
8 86.5 62.3
72.4 -0.1 0
291 94.1 23
57.6 27 9
0 0 0
6
9 84.3 59.7
69.9 -1.1 0
210 96.8 3
54.5 28 6
0 0 0
6 10
75.0 54.7 63.1
-3.4 44 38
84.4 23 48.4
29 0 0
0 0
6 11
72.8 52.8 61.0
2.0 108 43
88.2 7 40.9
30 0 0
0 0
6 12
65.0 45.9 54.1
0.1 297 0
74.8 2 38.7
19 0 0
0 0
------------------------------------------------------------------------------------
76.0
54.1 63.5 0.6
1424 1445 105.3 JUL 34.2
FEB 53 0
0 0
PRECIPITATION
(in)
DEP. MAX
DAYS OF RAIN
FROM OBS.
OVER
YR MO
TOTAL NORM DAY DATE .01
.1 1
--------------------------------------------
6
1 0.82 -1.39 0.66
2 3 1
0
6
2 1.72 -0.51 0.72
27 5 3
0
6
3 2.87 0.78
1.01 28 14
7 1
6
4 2.36 1.45
1.44 4 8
3 1
6
5 0.56 0.39
0.54 22 2
1 0
6
6 0.12 0.08
0.05 9 3
0 0
6
7 0.04 0.03
0.02 17 1
0 0
6
8 0.06 -0.08 0.06
4 1 0
0
6
9 0.01 -0.39 0.01
14 0 0
0
6 10
0.04 -0.26 0.04 14
1 0 0
6 11
0.19 -1.38 0.09 27
2 0 0
6 12
0.87 -0.87 0.24 10
5 4 0
--------------------------------------------
9.66 -2.15 1.44
APR 45 19 2
WIND SPEED
(mph)
DOM
YR MO
AVG. HI DATE
DIR
---------------------------------
6
1 1.2 38.0
23 E
6
2 1.1 21.0
28 WNW
6
3 1.4 20.0
10 WNW
6
4 1.4 28.0 5
WNW
6
5 1.4 17.0
23 WNW
6
6 1.3 19.0
24 WNW
6
7 1.3 16.0
14 WNW
6
8 1.1 16.0
7 WNW
6
9 1.2 18.0
12 WNW
6 10
0.9 23.0 18
WNW
6 11
0.8 25.0 29
WNW
6 12
1.1 31.0 22
WNW
---------------------------------
1.2 38.0 JAN WNW